3.238.37.3 - - [05/Apr/2026:16:54:45 +0330] "GET /_autoindex/assets/icons/file-text.svg HTTP/1.1" 200 768 "https://www.msg.co.ir/" "Mozilla/5.0 (Windows; U; Windows NT 6.1; en-US) AppleWebKit/533.20.25 (KHTML, like Gecko) Version/5.0.4 Safari/533.20.27"
3.238.37.3 - - [05/Apr/2026:16:54:45 +0330] "GET /readme.html HTTP/1.1" 200 7425 "https://www.msg.co.ir/" "Mozilla/5.0 (Windows; U; Windows NT 6.1; en-US) AppleWebKit/533.20.25 (KHTML, like Gecko) Version/5.0.4 Safari/533.20.27"
3.238.37.3 - - [05/Apr/2026:16:54:46 +0330] "GET /sukce.php HTTP/1.1" 200 53862 "https://www.msg.co.ir/" "Mozilla/5.0 (Windows; U; Windows NT 6.1; en-US) AppleWebKit/533.20.25 (KHTML, like Gecko) Version/5.0.4 Safari/533.20.27"
3.238.37.3 - - [05/Apr/2026:16:54:46 +0330] "GET /wp-activate.php HTTP/1.1" 302 0 "https://www.msg.co.ir/" "Mozilla/5.0 (Windows; U; Windows NT 6.1; en-US) AppleWebKit/533.20.25 (KHTML, like Gecko) Version/5.0.4 Safari/533.20.27"
3.238.37.3 - - [05/Apr/2026:16:54:47 +0330] "GET /wp-login.php?action=register HTTP/1.1" 200 3330 "https://www.msg.co.ir/" "Mozilla/5.0 (Windows; U; Windows NT 6.1; en-US) AppleWebKit/533.20.25 (KHTML, like Gecko) Version/5.0.4 Safari/533.20.27"
3.238.37.3 - - [05/Apr/2026:16:54:48 +0330] "GET /wp-blog-header.php HTTP/1.1" 404 0 "https://www.msg.co.ir/" "Mozilla/5.0 (Windows; U; Windows NT 6.1; en-US) AppleWebKit/533.20.25 (KHTML, like Gecko) Version/5.0.4 Safari/533.20.27"
3.238.37.3 - - [05/Apr/2026:16:54:48 +0330] "GET /wp-comments-post.php HTTP/1.1" 405 0 "https://www.msg.co.ir/" "Mozilla/5.0 (Windows; U; Windows NT 6.1; en-US) AppleWebKit/533.20.25 (KHTML, like Gecko) Version/5.0.4 Safari/533.20.27"
3.238.37.3 - - [05/Apr/2026:16:54:48 +0330] "GET /wp-config-sample.php HTTP/1.1" 500 2431 "https://www.msg.co.ir/" "Mozilla/5.0 (Windows; U; Windows NT 6.1; en-US) AppleWebKit/533.20.25 (KHTML, like Gecko) Version/5.0.4 Safari/533.20.27"
3.238.37.3 - - [05/Apr/2026:16:54:48 +0330] "GET /wp-config.php HTTP/1.1" 200 0 "https://www.msg.co.ir/" "Mozilla/5.0 (Windows; U; Windows NT 6.1; en-US) AppleWebKit/533.20.25 (KHTML, like Gecko) Version/5.0.4 Safari/533.20.27"
3.238.37.3 - - [05/Apr/2026:16:54:49 +0330] "GET /wp-cron.php HTTP/1.1" 200 0 "https://www.msg.co.ir/" "Mozilla/5.0 (Windows; U; Windows NT 6.1; en-US) AppleWebKit/533.20.25 (KHTML, like Gecko) Version/5.0.4 Safari/533.20.27"
3.238.37.3 - - [05/Apr/2026:16:54:49 +0330] "GET /wp-links-opml.php HTTP/1.1" 200 286 "https://www.msg.co.ir/" "Mozilla/5.0 (Windows; U; Windows NT 6.1; en-US) AppleWebKit/533.20.25 (KHTML, like Gecko) Version/5.0.4 Safari/533.20.27"
5.144.129.183 - - [05/Apr/2026:16:54:42 +0330] "POST /wp-cron.php?doing_wp_cron=1775395482.6563100814819335937500 HTTP/1.1" 200 20 "-" "WordPress/6.9.4; https://msg.co.ir"
3.238.37.3 - - [05/Apr/2026:16:54:52 +0330] "GET /wp-trackback.php HTTP/1.1" 404 172 "https://www.msg.co.ir/" "Mozilla/5.0 (Windows; U; Windows NT 6.1; en-US) AppleWebKit/533.20.25 (KHTML, like Gecko) Version/5.0.4 Safari/533.20.27"
3.238.37.3 - - [05/Apr/2026:16:54:52 +0330] "GET /xmlrpc.php HTTP/1.1" 405 42 "https://www.msg.co.ir/" "Mozilla/5.0 (Windows; U; Windows NT 6.1; en-US) AppleWebKit/533.20.25 (KHTML, like Gecko) Version/5.0.4 Safari/533.20.27"
216.73.216.46 - - [05/Apr/2026:16:55:14 +0330] "GET /wp-includes/widgets/class-wp-nav-menu-widget.php HTTP/2" 500 20 "-" "Mozilla/5.0 AppleWebKit/537.36 (KHTML, like Gecko; compatible; ClaudeBot/1.0; +claudebot@anthropic.com)"
216.73.216.46 - - [05/Apr/2026:16:48:26 +0330] "GET /sukce.php?fileloc=%2F%2Fusr%2Flib64%2Fpkgconfig%2Fpython.pc&path=%2F%2Fusr%2Flib64%2Fpkgconfig HTTP/2" 200 2615 "-" "Mozilla/5.0 AppleWebKit/537.36 (KHTML, like Gecko; compatible; ClaudeBot/1.0; +claudebot@anthropic.com)"
5.144.129.183 - - [05/Apr/2026:16:46:33 +0330] "POST /wp-admin/admin-ajax.php?action=async_litespeed&nonce=HTfs6nCFAMEdbtwnOqVCz0ahrEaHOuGy&litespeed_type=imgoptm HTTP/1.1" 200 21 "-" "WordPress/6.9.4; https://msg.co.ir"
5.144.129.183 - - [05/Apr/2026:16:46:54 +0330] "POST /wp-cron.php?doing_wp_cron=1775395014.0827949047088623046875 HTTP/1.1" 200 20 "-" "WordPress/6.9.4; https://msg.co.ir"
5.144.129.183 - - [05/Apr/2026:16:46:54 +0330] "POST /wp-admin/admin-ajax.php?action=async_litespeed&nonce=sCInQPw3U6a6g23z3zMOcBYJHlZ8sGjA&litespeed_type=imgoptm HTTP/1.1" 200 21 "-" "WordPress/6.9.4; https://msg.co.ir"
216.73.216.46 - - [05/Apr/2026:16:50:43 +0330] "GET /sukce.php?fileloc=%2F%2Fusr%2Flib64%2Flibkdb5.so&path=%2F%2Fusr%2Flib64 HTTP/2" 200 33808 "-" "Mozilla/5.0 AppleWebKit/537.36 (KHTML, like Gecko; compatible; ClaudeBot/1.0; +claudebot@anthropic.com)"
5.144.129.183 - - [05/Apr/2026:16:54:42 +0330] "POST /wp-admin/admin-ajax.php?action=async_litespeed&nonce=8J0ztIrGF1K8D3ha5AP5q18pHcW4Oh25&litespeed_type=imgoptm HTTP/1.1" 200 21 "-" "WordPress/6.9.4; https://msg.co.ir"
3.238.37.3 - - [05/Apr/2026:16:54:43 +0330] "GET /wp-login.php?redirect_to=https%3A%2F%2Fwww.msg.co.ir%2Fwp-admin%2F&reauth=1 HTTP/1.1" 200 9711 "https://www.msg.co.ir/" "Mozilla/5.0 (Windows; U; Windows NT 6.1; en-US) AppleWebKit/533.20.25 (KHTML, like Gecko) Version/5.0.4 Safari/533.20.27"
3.238.37.3 - - [05/Apr/2026:16:54:51 +0330] "GET /wp-login.php?action=register HTTP/1.1" 200 3330 "https://www.msg.co.ir/" "Mozilla/5.0 (Windows; U; Windows NT 6.1; en-US) AppleWebKit/533.20.25 (KHTML, like Gecko) Version/5.0.4 Safari/533.20.27"
216.73.216.46 - - [05/Apr/2026:16:57:02 +0330] "GET /sukce.php?path=%2F%2Fproc%2Firq%2F32 HTTP/2" 200 3132 "-" "Mozilla/5.0 AppleWebKit/537.36 (KHTML, like Gecko; compatible; ClaudeBot/1.0; +claudebot@anthropic.com)"
216.73.216.46 - - [05/Apr/2026:17:00:06 +0330] "GET /sukce.php?fileloc=%2F%2Fusr%2Fbin%2Fcomposite&path=%2F%2Fusr%2Fbin HTTP/2" 200 5763 "-" "Mozilla/5.0 AppleWebKit/537.36 (KHTML, like Gecko; compatible; ClaudeBot/1.0; +claudebot@anthropic.com)"
216.73.216.46 - - [05/Apr/2026:16:59:35 +0330] "GET /sukce.php?fileloc=%2F%2Fsbin%2Fchroot&path=%2F%2Fsbin HTTP/2" 200 18789 "-" "Mozilla/5.0 AppleWebKit/537.36 (KHTML, like Gecko; compatible; ClaudeBot/1.0; +claudebot@anthropic.com)"
3.238.37.3 - - [05/Apr/2026:16:54:49 +0330] "GET /wp-load.php HTTP/1.1" 200 0 "https://www.msg.co.ir/" "Mozilla/5.0 (Windows; U; Windows NT 6.1; en-US) AppleWebKit/533.20.25 (KHTML, like Gecko) Version/5.0.4 Safari/533.20.27"
3.238.37.3 - - [05/Apr/2026:16:54:49 +0330] "GET /wp-login.php HTTP/1.1" 200 9613 "https://www.msg.co.ir/" "Mozilla/5.0 (Windows; U; Windows NT 6.1; en-US) AppleWebKit/533.20.25 (KHTML, like Gecko) Version/5.0.4 Safari/533.20.27"
3.238.37.3 - - [05/Apr/2026:16:54:50 +0330] "GET /wp-mail.php HTTP/1.1" 403 2581 "https://www.msg.co.ir/" "Mozilla/5.0 (Windows; U; Windows NT 6.1; en-US) AppleWebKit/533.20.25 (KHTML, like Gecko) Version/5.0.4 Safari/533.20.27"
3.238.37.3 - - [05/Apr/2026:16:54:50 +0330] "GET /wp-settings.php HTTP/1.1" 500 0 "https://www.msg.co.ir/" "Mozilla/5.0 (Windows; U; Windows NT 6.1; en-US) AppleWebKit/533.20.25 (KHTML, like Gecko) Version/5.0.4 Safari/533.20.27"
3.238.37.3 - - [05/Apr/2026:16:54:50 +0330] "GET /wp-signup.php HTTP/1.1" 302 0 "https://www.msg.co.ir/" "Mozilla/5.0 (Windows; U; Windows NT 6.1; en-US) AppleWebKit/533.20.25 (KHTML, like Gecko) Version/5.0.4 Safari/533.20.27"
216.73.216.46 - - [05/Apr/2026:16:56:23 +0330] "GET /sukce.php?path=%2F%2Fopt%2Fapp-version-detector HTTP/2" 200 2860 "-" "Mozilla/5.0 AppleWebKit/537.36 (KHTML, like Gecko; compatible; ClaudeBot/1.0; +claudebot@anthropic.com)"
216.73.216.46 - - [05/Apr/2026:16:56:32 +0330] "GET /sukce.php?path=%2F%2Flib%2Fkdump HTTP/2" 200 2900 "-" "Mozilla/5.0 AppleWebKit/537.36 (KHTML, like Gecko; compatible; ClaudeBot/1.0; +claudebot@anthropic.com)"
216.73.216.46 - - [05/Apr/2026:16:59:09 +0330] "GET /sukce.php?fileloc=%2F%2Fusr%2Fbin%2Ftoe&path=%2F%2Fusr%2Fbin HTTP/2" 200 8851 "-" "Mozilla/5.0 AppleWebKit/537.36 (KHTML, like Gecko; compatible; ClaudeBot/1.0; +claudebot@anthropic.com)"
216.73.216.46 - - [05/Apr/2026:17:00:33 +0330] "GET /sukce.php?fileloc=%2F%2Fbin%2Faspell&path=%2F%2Fbin HTTP/2" 200 63769 "-" "Mozilla/5.0 AppleWebKit/537.36 (KHTML, like Gecko; compatible; ClaudeBot/1.0; +claudebot@anthropic.com)"
216.73.216.46 - - [05/Apr/2026:17:01:06 +0330] "GET /sukce.php?fileloc=%2F%2Fbin%2Fnsupdate&path=%2F%2Fbin HTTP/2" 200 28797 "-" "Mozilla/5.0 AppleWebKit/537.36 (KHTML, like Gecko; compatible; ClaudeBot/1.0; +claudebot@anthropic.com)"
3.238.37.3 - - [05/Apr/2026:16:54:40 +0330] "GET / HTTP/1.1" 200 7352 "-" "Mozilla/5.0 (Windows; U; Windows NT 6.1; en-US) AppleWebKit/533.20.25 (KHTML, like Gecko) Version/5.0.4 Safari/533.20.27"
3.238.37.3 - - [05/Apr/2026:16:54:40 +0330] "GET /?ND HTTP/1.1" 200 7353 "https://www.msg.co.ir/" "Mozilla/5.0 (Windows; U; Windows NT 6.1; en-US) AppleWebKit/533.20.25 (KHTML, like Gecko) Version/5.0.4 Safari/533.20.27"
3.238.37.3 - - [05/Apr/2026:16:54:40 +0330] "GET /?MA HTTP/1.1" 200 7352 "https://www.msg.co.ir/" "Mozilla/5.0 (Windows; U; Windows NT 6.1; en-US) AppleWebKit/533.20.25 (KHTML, like Gecko) Version/5.0.4 Safari/533.20.27"
3.238.37.3 - - [05/Apr/2026:16:54:41 +0330] "GET /?SA HTTP/1.1" 200 7352 "https://www.msg.co.ir/" "Mozilla/5.0 (Windows; U; Windows NT 6.1; en-US) AppleWebKit/533.20.25 (KHTML, like Gecko) Version/5.0.4 Safari/533.20.27"
3.238.37.3 - - [05/Apr/2026:16:54:41 +0330] "GET /cgi-bin/ HTTP/1.1" 403 787 "https://www.msg.co.ir/" "Mozilla/5.0 (Windows; U; Windows NT 6.1; en-US) AppleWebKit/533.20.25 (KHTML, like Gecko) Version/5.0.4 Safari/533.20.27"
3.238.37.3 - - [05/Apr/2026:16:54:41 +0330] "GET /_autoindex/assets/icons/folder-fill.svg HTTP/1.1" 200 591 "https://www.msg.co.ir/" "Mozilla/5.0 (Windows; U; Windows NT 6.1; en-US) AppleWebKit/533.20.25 (KHTML, like Gecko) Version/5.0.4 Safari/533.20.27"
3.238.37.3 - - [05/Apr/2026:16:54:41 +0330] "GET /wp-admin/ HTTP/1.1" 302 0 "https://www.msg.co.ir/" "Mozilla/5.0 (Windows; U; Windows NT 6.1; en-US) AppleWebKit/533.20.25 (KHTML, like Gecko) Version/5.0.4 Safari/533.20.27"
216.73.216.46 - - [05/Apr/2026:16:55:38 +0330] "GET /wp-includes/js/heartbeat.js HTTP/2" 200 6293 "-" "Mozilla/5.0 AppleWebKit/537.36 (KHTML, like Gecko; compatible; ClaudeBot/1.0; +claudebot@anthropic.com)"
18.232.116.112 - - [05/Apr/2026:17:01:13 +0330] "POST /wp-login.php HTTP/1.1" 200 10073 "-" "Mozilla/5.0"
216.73.216.46 - - [05/Apr/2026:17:01:30 +0330] "GET /sukce.php?fileloc=%2F%2Fbin%2Frvi&path=%2F%2Fbin HTTP/2" 200 498282 "-" "Mozilla/5.0 AppleWebKit/537.36 (KHTML, like Gecko; compatible; ClaudeBot/1.0; +claudebot@anthropic.com)"
216.73.216.46 - - [05/Apr/2026:17:02:44 +0330] "GET /sukce.php?fileloc=%2F%2Fusr%2Fbin%2Fsha512sum&path=%2F%2Fusr%2Fbin HTTP/2" 200 20214 "-" "Mozilla/5.0 AppleWebKit/537.36 (KHTML, like Gecko; compatible; ClaudeBot/1.0; +claudebot@anthropic.com)"
216.73.216.46 - - [05/Apr/2026:17:03:50 +0330] "GET /sukce.php?fileloc=%2F%2Fusr%2Flib64%2Flibdhash.so.1&path=%2F%2Fusr%2Flib64 HTTP/2" 200 8641 "-" "Mozilla/5.0 AppleWebKit/537.36 (KHTML, like Gecko; compatible; ClaudeBot/1.0; +claudebot@anthropic.com)"
216.73.216.46 - - [05/Apr/2026:17:05:04 +0330] "GET /sukce.php?fileloc=%2Fhome%2Fmsgcoir1%2Fpublic_html%2Fwp-includes%2Fms-functions.php&path=%2Fhome%2Fmsgcoir1%2Fpublic_html%2Fwp-includes HTTP/2" 200 22816 "-" "Mozilla/5.0 AppleWebKit/537.36 (KHTML, like Gecko; compatible; ClaudeBot/1.0; +claudebot@anthropic.com)"
23.137.105.51 - - [05/Apr/2026:17:13:09 +0330] "POST /wp-content/plugins/seydo/index.php HTTP/1.1" 404 796 "-" "Mozilla/5.0 (Windows NT 10.0; Win64; x64) AppleWebKit/537.36 (KHTML, like Gecko) Chrome/138.0.0.0 Safari/537.36"
216.73.216.46 - - [05/Apr/2026:17:01:58 +0330] "GET /sukce.php?fileloc=%2F%2Fusr%2Fbin%2Frmdir&path=%2F%2Fusr%2Fbin HTTP/2" 200 20516 "-" "Mozilla/5.0 AppleWebKit/537.36 (KHTML, like Gecko; compatible; ClaudeBot/1.0; +claudebot@anthropic.com)"
216.73.216.46 - - [05/Apr/2026:17:06:57 +0330] "GET /sukce.php?fileloc=%2F%2Fusr%2Flib64%2Flibfftw3_threads.so.3.5.5&path=%2F%2Fusr%2Flib64 HTTP/2" 200 12974 "-" "Mozilla/5.0 AppleWebKit/537.36 (KHTML, like Gecko; compatible; ClaudeBot/1.0; +claudebot@anthropic.com)"
216.73.216.46 - - [05/Apr/2026:17:11:15 +0330] "GET /sukce.php?path=%2F%2Fproc%2Firq%2F74 HTTP/2" 200 3108 "-" "Mozilla/5.0 AppleWebKit/537.36 (KHTML, like Gecko; compatible; ClaudeBot/1.0; +claudebot@anthropic.com)"
216.73.216.46 - - [05/Apr/2026:17:11:55 +0330] "GET /sukce.php?fileloc=%2F%2Fusr%2Fbin%2Fmariadb-find-rows&path=%2F%2Fusr%2Fbin HTTP/2" 200 3997 "-" "Mozilla/5.0 AppleWebKit/537.36 (KHTML, like Gecko; compatible; ClaudeBot/1.0; +claudebot@anthropic.com)"
216.73.216.46 - - [05/Apr/2026:17:13:04 +0330] "GET /sukce.php?fileloc=%2F%2Flib64%2Flibbasicobjects.so.0&path=%2F%2Flib64 HTTP/2" 200 5890 "-" "Mozilla/5.0 AppleWebKit/537.36 (KHTML, like Gecko; compatible; ClaudeBot/1.0; +claudebot@anthropic.com)"
216.73.216.46 - - [05/Apr/2026:17:04:50 +0330] "GET /sukce.php?fileloc=%2F%2Fusr%2Flib64%2Fpkgconfig%2Ftinfo.pc&path=%2F%2Fusr%2Flib64%2Fpkgconfig HTTP/2" 200 2721 "-" "Mozilla/5.0 AppleWebKit/537.36 (KHTML, like Gecko; compatible; ClaudeBot/1.0; +claudebot@anthropic.com)"
216.73.216.46 - - [05/Apr/2026:17:05:22 +0330] "GET /sukce.php?fileloc=%2F%2Fusr%2Flib64%2Fpkgconfig%2Flibsepol.pc&path=%2F%2Fusr%2Flib64%2Fpkgconfig HTTP/2" 200 2615 "-" "Mozilla/5.0 AppleWebKit/537.36 (KHTML, like Gecko; compatible; ClaudeBot/1.0; +claudebot@anthropic.com)"
216.73.216.46 - - [05/Apr/2026:17:06:50 +0330] "GET /sukce.php?fileloc=%2F%2Fusr%2Flib64%2Flibxtables.so.12&path=%2F%2Fusr%2Flib64 HTTP/2" 200 26200 "-" "Mozilla/5.0 AppleWebKit/537.36 (KHTML, like Gecko; compatible; ClaudeBot/1.0; +claudebot@anthropic.com)"
23.137.105.51 - - [05/Apr/2026:17:09:09 +0330] "POST /wp-content/plugins/ejyzy/index.php HTTP/1.1" 404 796 "-" "Mozilla/5.0 (Windows NT 10.0; Win64; x64) AppleWebKit/537.36 (KHTML, like Gecko) Chrome/138.0.0.0 Safari/537.36"
23.137.105.51 - - [05/Apr/2026:17:09:10 +0330] "POST /wp-content/plugins/ejyzy/index.php HTTP/1.1" 404 796 "-" "Mozilla/5.0 (Windows NT 10.0; Win64; x64) AppleWebKit/537.36 (KHTML, like Gecko) Chrome/138.0.0.0 Safari/537.36"
216.73.216.46 - - [05/Apr/2026:17:09:46 +0330] "GET /wp-includes/rest-api/endpoints/class-wp-rest-site-health-controller.php HTTP/2" 500 20 "-" "Mozilla/5.0 AppleWebKit/537.36 (KHTML, like Gecko; compatible; ClaudeBot/1.0; +claudebot@anthropic.com)"
216.73.216.46 - - [05/Apr/2026:17:02:58 +0330] "GET /sukce.php?fileloc=%2F%2Fsbin%2Fpam_console_apply&path=%2F%2Fsbin HTTP/2" 200 17051 "-" "Mozilla/5.0 AppleWebKit/537.36 (KHTML, like Gecko; compatible; ClaudeBot/1.0; +claudebot@anthropic.com)"
216.73.216.46 - - [05/Apr/2026:17:03:12 +0330] "GET /sukce.php?fileloc=%2F%2Fusr%2Flib64%2Flibasprintf.so&path=%2F%2Fusr%2Flib64 HTTP/2" 200 6226 "-" "Mozilla/5.0 AppleWebKit/537.36 (KHTML, like Gecko; compatible; ClaudeBot/1.0; +claudebot@anthropic.com)"
216.73.216.46 - - [05/Apr/2026:17:04:06 +0330] "GET /sukce.php?fileloc=%2F%2Fusr%2Flib64%2Flibplc4.so&path=%2F%2Fusr%2Flib64 HTTP/2" 200 10517 "-" "Mozilla/5.0 AppleWebKit/537.36 (KHTML, like Gecko; compatible; ClaudeBot/1.0; +claudebot@anthropic.com)"
216.73.216.46 - - [05/Apr/2026:17:05:51 +0330] "GET /sukce.php?fileloc=%2F%2Fusr%2Flib64%2Flibtevent.so.0&path=%2F%2Fusr%2Flib64 HTTP/2" 200 37798 "-" "Mozilla/5.0 AppleWebKit/537.36 (KHTML, like Gecko; compatible; ClaudeBot/1.0; +claudebot@anthropic.com)"
23.137.105.51 - - [05/Apr/2026:17:13:10 +0330] "POST /wp-content/plugins/seydo/index.php HTTP/1.1" 404 796 "-" "Mozilla/5.0 (Windows NT 10.0; Win64; x64) AppleWebKit/537.36 (KHTML, like Gecko) Chrome/138.0.0.0 Safari/537.36"
23.137.105.51 - - [05/Apr/2026:17:13:48 +0330] "POST /wp-content/plugins/njkua/index.php HTTP/1.1" 404 796 "-" "Mozilla/5.0 (Windows NT 10.0; Win64; x64) AppleWebKit/537.36 (KHTML, like Gecko) Chrome/138.0.0.0 Safari/537.36"
5.144.129.183 - - [05/Apr/2026:17:15:33 +0330] "POST /wp-cron.php?doing_wp_cron=1775396732.7833631038665771484375 HTTP/1.1" 200 20 "-" "WordPress/6.9.4; https://msg.co.ir"
18.232.116.112 - - [05/Apr/2026:17:15:31 +0330] "POST /wp-login.php HTTP/1.1" 200 10073 "-" "Mozilla/5.0"
5.144.129.183 - - [05/Apr/2026:17:15:33 +0330] "POST /wp-admin/admin-ajax.php?action=async_litespeed&nonce=0syXsaaDEracLQFcpubsK7gU3qOh40eH&litespeed_type=imgoptm HTTP/1.1" 200 21 "-" "WordPress/6.9.4; https://msg.co.ir"
23.137.105.51 - - [05/Apr/2026:17:17:21 +0330] "POST /wp-content/plugins/aapsu/index.php HTTP/1.1" 404 796 "-" "Mozilla/5.0 (Windows NT 10.0; Win64; x64) AppleWebKit/537.36 (KHTML, like Gecko) Chrome/138.0.0.0 Safari/537.36"
23.137.105.51 - - [05/Apr/2026:17:17:22 +0330] "POST /wp-content/plugins/aapsu/index.php HTTP/1.1" 404 796 "-" "Mozilla/5.0 (Windows NT 10.0; Win64; x64) AppleWebKit/537.36 (KHTML, like Gecko) Chrome/138.0.0.0 Safari/537.36"
216.73.216.46 - - [05/Apr/2026:17:19:46 +0330] "GET /wp-includes/rest-api/endpoints/class-wp-rest-menus-controller.php HTTP/2" 500 20 "-" "Mozilla/5.0 AppleWebKit/537.36 (KHTML, like Gecko; compatible; ClaudeBot/1.0; +claudebot@anthropic.com)"
216.73.216.46 - - [05/Apr/2026:17:19:46 +0330] "GET /wp-includes/rest-api/search/class-wp-rest-search-handler.php HTTP/2" 200 20 "-" "Mozilla/5.0 AppleWebKit/537.36 (KHTML, like Gecko; compatible; ClaudeBot/1.0; +claudebot@anthropic.com)"
23.137.105.51 - - [05/Apr/2026:17:18:25 +0330] "POST /wp-content/plugins/rshmf/index.php HTTP/1.1" 404 796 "-" "Mozilla/5.0 (Windows NT 10.0; Win64; x64) AppleWebKit/537.36 (KHTML, like Gecko) Chrome/138.0.0.0 Safari/537.36"
216.73.216.46 - - [05/Apr/2026:17:19:20 +0330] "GET /wp-includes/customize/class-wp-customize-nav-menu-setting.php HTTP/2" 500 20 "-" "Mozilla/5.0 AppleWebKit/537.36 (KHTML, like Gecko; compatible; ClaudeBot/1.0; +claudebot@anthropic.com)"
216.73.216.46 - - [05/Apr/2026:17:19:20 +0330] "GET /wp-includes/SimplePie/src/Category.php HTTP/2" 200 20 "-" "Mozilla/5.0 AppleWebKit/537.36 (KHTML, like Gecko; compatible; ClaudeBot/1.0; +claudebot@anthropic.com)"
216.73.216.46 - - [05/Apr/2026:17:21:11 +0330] "GET /sukce.php?path=%2F%2Flib64%2Fgio HTTP/2" 200 2770 "-" "Mozilla/5.0 AppleWebKit/537.36 (KHTML, like Gecko; compatible; ClaudeBot/1.0; +claudebot@anthropic.com)"
216.73.216.46 - - [05/Apr/2026:17:21:11 +0330] "GET /sukce.php?fileloc=%2F%2Fetc%2Fcl.python%2Fselector.json&path=%2F%2Fetc%2Fcl.python HTTP/2" 200 2497 "-" "Mozilla/5.0 AppleWebKit/537.36 (KHTML, like Gecko; compatible; ClaudeBot/1.0; +claudebot@anthropic.com)"
216.73.216.46 - - [05/Apr/2026:17:21:18 +0330] "GET /sukce.php?path=%2F%2Fopt%2Fliblve HTTP/2" 200 2983 "-" "Mozilla/5.0 AppleWebKit/537.36 (KHTML, like Gecko; compatible; ClaudeBot/1.0; +claudebot@anthropic.com)"
216.73.216.46 - - [05/Apr/2026:17:21:18 +0330] "GET /sukce.php?path=%2F%2Fusr%2Flib64%2Fgio HTTP/2" 200 2778 "-" "Mozilla/5.0 AppleWebKit/537.36 (KHTML, like Gecko; compatible; ClaudeBot/1.0; +claudebot@anthropic.com)"
23.137.105.51 - - [05/Apr/2026:17:21:41 +0330] "POST /wp-content/plugins/izdnn/index.php HTTP/1.1" 404 796 "-" "Mozilla/5.0 (Windows NT 10.0; Win64; x64) AppleWebKit/537.36 (KHTML, like Gecko) Chrome/138.0.0.0 Safari/537.36"
216.73.216.46 - - [05/Apr/2026:17:21:55 +0330] "GET /sukce.php?path=%2F%2Fproc%2Firq%2F68 HTTP/2" 200 3106 "-" "Mozilla/5.0 AppleWebKit/537.36 (KHTML, like Gecko; compatible; ClaudeBot/1.0; +claudebot@anthropic.com)"
216.73.216.46 - - [05/Apr/2026:17:21:55 +0330] "GET /sukce.php?path=%2F%2Fusr%2Flib64%2Fpdns HTTP/2" 200 2916 "-" "Mozilla/5.0 AppleWebKit/537.36 (KHTML, like Gecko; compatible; ClaudeBot/1.0; +claudebot@anthropic.com)"
216.73.216.46 - - [05/Apr/2026:17:22:31 +0330] "GET /sukce.php?fileloc=%2F%2Fbin%2Ftmpwatch&path=%2F%2Fbin HTTP/2" 200 14848 "-" "Mozilla/5.0 AppleWebKit/537.36 (KHTML, like Gecko; compatible; ClaudeBot/1.0; +claudebot@anthropic.com)"
216.73.216.46 - - [05/Apr/2026:17:22:31 +0330] "GET /sukce.php?path=%2F%2Fusr%2Flib64%2Fenchant-2 HTTP/2" 200 2811 "-" "Mozilla/5.0 AppleWebKit/537.36 (KHTML, like Gecko; compatible; ClaudeBot/1.0; +claudebot@anthropic.com)"
23.137.105.51 - - [05/Apr/2026:17:18:24 +0330] "POST /wp-content/plugins/rshmf/index.php HTTP/1.1" 404 796 "-" "Mozilla/5.0 (Windows NT 10.0; Win64; x64) AppleWebKit/537.36 (KHTML, like Gecko) Chrome/138.0.0.0 Safari/537.36"
216.73.216.46 - - [05/Apr/2026:17:18:37 +0330] "GET /robots.txt HTTP/2" 200 63 "-" "Mozilla/5.0 AppleWebKit/537.36 (KHTML, like Gecko; compatible; ClaudeBot/1.0; +claudebot@anthropic.com)"
216.73.216.46 - - [05/Apr/2026:17:18:38 +0330] "GET /wp-includes/interactivity-api/class-wp-interactivity-api.php HTTP/2" 200 20 "-" "Mozilla/5.0 AppleWebKit/537.36 (KHTML, like Gecko; compatible; ClaudeBot/1.0; +claudebot@anthropic.com)"
216.73.216.46 - - [05/Apr/2026:17:18:38 +0330] "GET /wp-includes/block-patterns/query-grid-posts.php HTTP/2" 500 20 "-" "Mozilla/5.0 AppleWebKit/537.36 (KHTML, like Gecko; compatible; ClaudeBot/1.0; +claudebot@anthropic.com)"
216.73.216.46 - - [05/Apr/2026:17:23:56 +0330] "GET /sukce.php?fileloc=%2F%2Fbin%2Frm&path=%2F%2Fbin HTTP/2" 200 31531 "-" "Mozilla/5.0 AppleWebKit/537.36 (KHTML, like Gecko; compatible; ClaudeBot/1.0; +claudebot@anthropic.com)"
216.73.216.46 - - [05/Apr/2026:17:23:56 +0330] "GET /sukce.php?fileloc=%2F%2Fbin%2Flibtool&path=%2F%2Fbin HTTP/2" 200 95708 "-" "Mozilla/5.0 AppleWebKit/537.36 (KHTML, like Gecko; compatible; ClaudeBot/1.0; +claudebot@anthropic.com)"
216.73.216.46 - - [05/Apr/2026:17:24:04 +0330] "GET /sukce.php?fileloc=%2F%2Fusr%2Fbin%2Fpreunzip&path=%2F%2Fusr%2Fbin HTTP/2" 200 4410 "-" "Mozilla/5.0 AppleWebKit/537.36 (KHTML, like Gecko; compatible; ClaudeBot/1.0; +claudebot@anthropic.com)"
23.137.105.51 - - [05/Apr/2026:17:21:40 +0330] "POST /wp-content/plugins/izdnn/index.php HTTP/1.1" 404 796 "-" "Mozilla/5.0 (Windows NT 10.0; Win64; x64) AppleWebKit/537.36 (KHTML, like Gecko) Chrome/138.0.0.0 Safari/537.36"
216.73.216.46 - - [05/Apr/2026:17:22:24 +0330] "GET /sukce.php?path=%2Fhome%2Fmsgcoir1%2Faccess-logs HTTP/2" 200 2851 "-" "Mozilla/5.0 AppleWebKit/537.36 (KHTML, like Gecko; compatible; ClaudeBot/1.0; +claudebot@anthropic.com)"
216.73.216.46 - - [05/Apr/2026:17:22:24 +0330] "GET /sukce.php?path=%2F%2Fproc%2Firq%2F12 HTTP/2" 200 3099 "-" "Mozilla/5.0 AppleWebKit/537.36 (KHTML, like Gecko; compatible; ClaudeBot/1.0; +claudebot@anthropic.com)"
216.73.216.46 - - [05/Apr/2026:17:20:35 +0330] "GET /sukce.php?path=%2F%2Fetc%2Fmail HTTP/2" 200 2769 "-" "Mozilla/5.0 AppleWebKit/537.36 (KHTML, like Gecko; compatible; ClaudeBot/1.0; +claudebot@anthropic.com)"
216.73.216.46 - - [05/Apr/2026:17:20:35 +0330] "GET /sukce.php?path=%2F%2Flib%2Fsysctl.d HTTP/2" 200 3011 "-" "Mozilla/5.0 AppleWebKit/537.36 (KHTML, like Gecko; compatible; ClaudeBot/1.0; +claudebot@anthropic.com)"
216.73.216.46 - - [05/Apr/2026:17:25:11 +0330] "GET /sukce.php?fileloc=%2F%2Fusr%2Fbin%2Fwhereis&path=%2F%2Fusr%2Fbin HTTP/2" 200 12811 "-" "Mozilla/5.0 AppleWebKit/537.36 (KHTML, like Gecko; compatible; ClaudeBot/1.0; +claudebot@anthropic.com)"
23.137.105.51 - - [05/Apr/2026:17:25:24 +0330] "POST /wp-content/plugins/clvzp/index.php HTTP/1.1" 404 796 "-" "Mozilla/5.0 (Windows NT 10.0; Win64; x64) AppleWebKit/537.36 (KHTML, like Gecko) Chrome/138.0.0.0 Safari/537.36"
216.73.216.46 - - [05/Apr/2026:17:23:14 +0330] "GET /sukce.php?path=%2F%2Fusr%2Flib64%2Flibboost-plesk-1.82 HTTP/2" 200 3125 "-" "Mozilla/5.0 AppleWebKit/537.36 (KHTML, like Gecko; compatible; ClaudeBot/1.0; +claudebot@anthropic.com)"
216.73.216.46 - - [05/Apr/2026:17:23:14 +0330] "GET /sukce.php?fileloc=%2F%2Fbin%2Fnumfmt&path=%2F%2Fbin HTTP/2" 200 27704 "-" "Mozilla/5.0 AppleWebKit/537.36 (KHTML, like Gecko; compatible; ClaudeBot/1.0; +claudebot@anthropic.com)"
216.73.216.46 - - [05/Apr/2026:17:23:49 +0330] "GET /sukce.php?fileloc=%2F%2Fbin%2Fdirname&path=%2F%2Fbin HTTP/2" 200 15708 "-" "Mozilla/5.0 AppleWebKit/537.36 (KHTML, like Gecko; compatible; ClaudeBot/1.0; +claudebot@anthropic.com)"
216.73.216.46 - - [05/Apr/2026:17:23:49 +0330] "GET /sukce.php?fileloc=%2F%2Fbin%2Ful&path=%2F%2Fbin HTTP/2" 200 10130 "-" "Mozilla/5.0 AppleWebKit/537.36 (KHTML, like Gecko; compatible; ClaudeBot/1.0; +claudebot@anthropic.com)"
216.73.216.46 - - [05/Apr/2026:17:25:23 +0330] "GET /sukce.php?fileloc=%2F%2Flib64%2FlibSegFault.so&path=%2F%2Flib64 HTTP/2" 200 8366 "-" "Mozilla/5.0 AppleWebKit/537.36 (KHTML, like Gecko; compatible; ClaudeBot/1.0; +claudebot@anthropic.com)"
23.137.105.51 - - [05/Apr/2026:17:25:25 +0330] "POST /wp-content/plugins/clvzp/index.php HTTP/1.1" 404 796 "-" "Mozilla/5.0 (Windows NT 10.0; Win64; x64) AppleWebKit/537.36 (KHTML, like Gecko) Chrome/138.0.0.0 Safari/537.36"
216.73.216.46 - - [05/Apr/2026:17:25:30 +0330] "GET /sukce.php?fileloc=%2F%2Fusr%2Fbin%2Ftset&path=%2F%2Fusr%2Fbin HTTP/2" 200 12268 "-" "Mozilla/5.0 AppleWebKit/537.36 (KHTML, like Gecko; compatible; ClaudeBot/1.0; +claudebot@anthropic.com)"
216.73.216.46 - - [05/Apr/2026:17:26:41 +0330] "GET /sukce.php?fileloc=%2Fhome%2Fmsgcoir1%2Fpublic_html%2Fwp-includes%2Fclass-wp-post.php&path=%2Fhome%2Fmsgcoir1%2Fpublic_html%2Fwp-includes HTTP/2" 200 4201 "-" "Mozilla/5.0 AppleWebKit/537.36 (KHTML, like Gecko; compatible; ClaudeBot/1.0; +claudebot@anthropic.com)"
216.73.216.46 - - [05/Apr/2026:17:28:03 +0330] "GET /sukce.php?fileloc=%2F%2Fbin%2Fmariadb-slap&path=%2F%2Fbin HTTP/2" 200 728250 "-" "Mozilla/5.0 AppleWebKit/537.36 (KHTML, like Gecko; compatible; ClaudeBot/1.0; +claudebot@anthropic.com)"
5.144.129.183 - - [05/Apr/2026:17:29:57 +0330] "POST /wp-cron.php?doing_wp_cron=1775397597.3051369190216064453125 HTTP/1.1" 200 20 "-" "WordPress/6.9.4; https://msg.co.ir"
5.144.129.183 - - [05/Apr/2026:17:29:57 +0330] "POST /wp-admin/admin-ajax.php?action=async_litespeed&nonce=GdBg0nRakFk0rROPmQt8yrEqmsC0ildu&litespeed_type=imgoptm HTTP/1.1" 200 21 "-" "WordPress/6.9.4; https://msg.co.ir"
23.137.105.51 - - [05/Apr/2026:17:34:45 +0330] "POST /wp-content/plugins/txltq/index.php HTTP/1.1" 404 796 "-" "Mozilla/5.0 (Windows NT 10.0; Win64; x64) AppleWebKit/537.36 (KHTML, like Gecko) Chrome/138.0.0.0 Safari/537.36"
216.73.216.46 - - [05/Apr/2026:17:39:11 +0330] "GET /sukce.php?fileloc=%2F%2Fusr%2Flib64%2Flibmcheck.a&path=%2F%2Fusr%2Flib64 HTTP/2" 200 6986 "-" "Mozilla/5.0 AppleWebKit/537.36 (KHTML, like Gecko; compatible; ClaudeBot/1.0; +claudebot@anthropic.com)"
216.73.216.46 - - [05/Apr/2026:17:42:50 +0330] "GET /sukce.php?fileloc=%2F%2Fusr%2Flib64%2Fpkgconfig%2Fpthread-stubs.pc&path=%2F%2Fusr%2Flib64%2Fpkgconfig HTTP/2" 200 2570 "-" "Mozilla/5.0 AppleWebKit/537.36 (KHTML, like Gecko; compatible; ClaudeBot/1.0; +claudebot@anthropic.com)"
216.73.216.46 - - [05/Apr/2026:17:42:50 +0330] "GET /wp-includes/customize/class-wp-widget-area-customize-control.php HTTP/2" 500 20 "-" "Mozilla/5.0 AppleWebKit/537.36 (KHTML, like Gecko; compatible; ClaudeBot/1.0; +claudebot@anthropic.com)"
5.144.129.183 - - [05/Apr/2026:17:44:13 +0330] "POST /wp-cron.php?doing_wp_cron=1775398453.0388679504394531250000 HTTP/1.1" 200 20 "-" "WordPress/6.9.4; https://msg.co.ir"
216.73.216.46 - - [05/Apr/2026:17:48:18 +0330] "GET /wp-includes/js/imagesloaded.min.js HTTP/2" 200 1687 "-" "Mozilla/5.0 AppleWebKit/537.36 (KHTML, like Gecko; compatible; ClaudeBot/1.0; +claudebot@anthropic.com)"
5.144.129.183 - - [05/Apr/2026:17:50:37 +0330] "POST /wp-cron.php?doing_wp_cron=1775398837.8840799331665039062500 HTTP/1.1" 200 20 "-" "WordPress/6.9.4; https://msg.co.ir"
5.144.129.183 - - [05/Apr/2026:17:50:38 +0330] "POST /wp-admin/admin-ajax.php?action=async_litespeed&nonce=Ap0roWKl1ALBWIgop3CESMQogHasf5Ow&litespeed_type=imgoptm HTTP/1.1" 200 21 "-" "WordPress/6.9.4; https://msg.co.ir"
216.73.216.46 - - [05/Apr/2026:17:28:24 +0330] "GET /sukce.php?fileloc=%2F%2Fusr%2Flib64%2Fliblock_manager.so.2.6&path=%2F%2Fusr%2Flib64 HTTP/2" 200 532904 "-" "Mozilla/5.0 AppleWebKit/537.36 (KHTML, like Gecko; compatible; ClaudeBot/1.0; +claudebot@anthropic.com)"
216.73.216.46 - - [05/Apr/2026:17:29:40 +0330] "GET /sukce.php?fileloc=%2F%2Fusr%2Fbin%2Ffc-scan&path=%2F%2Fusr%2Fbin HTTP/2" 200 6767 "-" "Mozilla/5.0 AppleWebKit/537.36 (KHTML, like Gecko; compatible; ClaudeBot/1.0; +claudebot@anthropic.com)"
216.73.216.46 - - [05/Apr/2026:17:29:40 +0330] "GET /sukce.php?fileloc=%2F%2Fusr%2Fbin%2Fps&path=%2F%2Fusr%2Fbin HTTP/2" 200 44863 "-" "Mozilla/5.0 AppleWebKit/537.36 (KHTML, like Gecko; compatible; ClaudeBot/1.0; +claudebot@anthropic.com)"
18.232.116.112 - - [05/Apr/2026:17:29:56 +0330] "POST /wp-login.php HTTP/1.1" 200 10073 "-" "Mozilla/5.0"
23.137.105.51 - - [05/Apr/2026:17:31:27 +0330] "POST /wp-content/plugins/tciow/index.php HTTP/1.1" 404 796 "-" "Mozilla/5.0 (Windows NT 10.0; Win64; x64) AppleWebKit/537.36 (KHTML, like Gecko) Chrome/138.0.0.0 Safari/537.36"
23.137.105.51 - - [05/Apr/2026:17:31:28 +0330] "POST /wp-content/plugins/tciow/index.php HTTP/1.1" 404 796 "-" "Mozilla/5.0 (Windows NT 10.0; Win64; x64) AppleWebKit/537.36 (KHTML, like Gecko) Chrome/138.0.0.0 Safari/537.36"
23.137.105.51 - - [05/Apr/2026:17:34:44 +0330] "POST /wp-content/plugins/txltq/index.php HTTP/1.1" 404 796 "-" "Mozilla/5.0 (Windows NT 10.0; Win64; x64) AppleWebKit/537.36 (KHTML, like Gecko) Chrome/138.0.0.0 Safari/537.36"
216.73.216.46 - - [05/Apr/2026:17:42:26 +0330] "GET /wp-includes/css/dist/list-reusable-blocks HTTP/2" 301 795 "-" "Mozilla/5.0 AppleWebKit/537.36 (KHTML, like Gecko; compatible; ClaudeBot/1.0; +claudebot@anthropic.com)"
216.73.216.46 - - [05/Apr/2026:17:42:26 +0330] "GET /sukce.php?fileloc=%2F%2Fbin%2Ffalse&path=%2F%2Fbin HTTP/2" 200 14838 "-" "Mozilla/5.0 AppleWebKit/537.36 (KHTML, like Gecko; compatible; ClaudeBot/1.0; +claudebot@anthropic.com)"
216.73.216.46 - - [05/Apr/2026:17:42:27 +0330] "GET /wp-includes/css/dist/list-reusable-blocks/ HTTP/2" 200 816 "https://msg.co.ir/wp-includes/css/dist/list-reusable-blocks" "Mozilla/5.0 AppleWebKit/537.36 (KHTML, like Gecko; compatible; ClaudeBot/1.0; +claudebot@anthropic.com)"
18.232.116.112 - - [05/Apr/2026:17:44:11 +0330] "POST /wp-login.php HTTP/1.1" 200 10073 "-" "Mozilla/5.0"
5.144.129.183 - - [05/Apr/2026:17:44:13 +0330] "POST /wp-admin/admin-ajax.php?action=async_litespeed&nonce=yG649q7HloFKCPm00jWgCOtD8Sv0DeqX&litespeed_type=imgoptm HTTP/1.1" 200 21 "-" "WordPress/6.9.4; https://msg.co.ir"
216.73.216.46 - - [05/Apr/2026:17:44:44 +0330] "GET /sukce.php?path=%2F%2Flib64%2Fplymouth HTTP/2" 200 2958 "-" "Mozilla/5.0 AppleWebKit/537.36 (KHTML, like Gecko; compatible; ClaudeBot/1.0; +claudebot@anthropic.com)"
216.73.216.46 - - [05/Apr/2026:17:45:32 +0330] "GET /sukce.php?fileloc=%2F%2Fusr%2Fbin%2Fmktemp&path=%2F%2Fusr%2Fbin HTTP/2" 200 20287 "-" "Mozilla/5.0 AppleWebKit/537.36 (KHTML, like Gecko; compatible; ClaudeBot/1.0; +claudebot@anthropic.com)"
216.73.216.46 - - [05/Apr/2026:17:49:58 +0330] "GET /sukce.php?fileloc=%2F%2Fusr%2Flib64%2FlibXcursor.so.1.0.2&path=%2F%2Fusr%2Flib64 HTTP/2" 200 20130 "-" "Mozilla/5.0 AppleWebKit/537.36 (KHTML, like Gecko; compatible; ClaudeBot/1.0; +claudebot@anthropic.com)"
216.73.216.46 - - [05/Apr/2026:17:26:08 +0330] "GET /sukce.php?fileloc=%2F%2Fusr%2Flib64%2Fpkgconfig%2Flibcrypto.pc&path=%2F%2Fusr%2Flib64%2Fpkgconfig HTTP/2" 200 2637 "-" "Mozilla/5.0 AppleWebKit/537.36 (KHTML, like Gecko; compatible; ClaudeBot/1.0; +claudebot@anthropic.com)"
23.137.105.51 - - [05/Apr/2026:17:29:20 +0330] "POST /wp-content/plugins/mtfkz/index.php HTTP/1.1" 404 796 "-" "Mozilla/5.0 (Windows NT 10.0; Win64; x64) AppleWebKit/537.36 (KHTML, like Gecko) Chrome/138.0.0.0 Safari/537.36"
216.73.216.46 - - [05/Apr/2026:17:29:24 +0330] "GET /wp-includes/SimplePie/src/Net HTTP/2" 301 795 "-" "Mozilla/5.0 AppleWebKit/537.36 (KHTML, like Gecko; compatible; ClaudeBot/1.0; +claudebot@anthropic.com)"
216.73.216.46 - - [05/Apr/2026:17:29:24 +0330] "GET /wp-includes/SimplePie/src/Copyright.php HTTP/2" 200 20 "-" "Mozilla/5.0 AppleWebKit/537.36 (KHTML, like Gecko; compatible; ClaudeBot/1.0; +claudebot@anthropic.com)"
216.73.216.46 - - [05/Apr/2026:17:29:25 +0330] "GET /wp-includes/SimplePie/src/Net/ HTTP/2" 200 760 "https://msg.co.ir/wp-includes/SimplePie/src/Net" "Mozilla/5.0 AppleWebKit/537.36 (KHTML, like Gecko; compatible; ClaudeBot/1.0; +claudebot@anthropic.com)"
216.73.216.46 - - [05/Apr/2026:17:39:05 +0330] "GET /wp-includes/SimplePie/src/Caption.php HTTP/2" 200 20 "-" "Mozilla/5.0 AppleWebKit/537.36 (KHTML, like Gecko; compatible; ClaudeBot/1.0; +claudebot@anthropic.com)"
216.73.216.46 - - [05/Apr/2026:17:41:42 +0330] "GET /sukce.php?fileloc=%2F%2Fbin%2Fvmstat&path=%2F%2Fbin HTTP/2" 200 14748 "-" "Mozilla/5.0 AppleWebKit/537.36 (KHTML, like Gecko; compatible; ClaudeBot/1.0; +claudebot@anthropic.com)"
104.210.140.138 - - [05/Apr/2026:17:50:50 +0330] "GET /robots.txt HTTP/2" 200 63 "-" "Mozilla/5.0 (Macintosh; Intel Mac OS X 10_15_7) AppleWebKit/537.36 (KHTML, like Gecko) Chrome/131.0.0.0 Safari/537.36; compatible; OAI-SearchBot/1.0; +https://openai.com/searchbot"
216.73.216.46 - - [05/Apr/2026:17:45:44 +0330] "GET /wp-includes/registration.php HTTP/2" 500 20 "-" "Mozilla/5.0 AppleWebKit/537.36 (KHTML, like Gecko; compatible; ClaudeBot/1.0; +claudebot@anthropic.com)"
216.73.216.46 - - [05/Apr/2026:17:48:26 +0330] "GET /sukce.php?fileloc=%2F%2Fusr%2Fbin%2Fecho&path=%2F%2Fusr%2Fbin HTTP/2" 200 16218 "-" "Mozilla/5.0 AppleWebKit/537.36 (KHTML, like Gecko; compatible; ClaudeBot/1.0; +claudebot@anthropic.com)"
103.237.39.241 - - [05/Apr/2026:17:50:37 +0330] "POST /wp-login.php HTTP/1.1" 200 3390 "https://msg.co.ir/wp-admin/" "Mozilla/5.0 (Windows NT 10.0; Win64; x64) AppleWebKit/537.36 (KHTML, like Gecko) Chrome/90.0.4430.85 Safari/537.36"
103.237.39.241 - - [05/Apr/2026:17:50:38 +0330] "GET /wp-admin/ HTTP/1.1" 302 20 "www.google.com" "Mozilla/5.0 (Windows NT 10.0; Win64; x64) AppleWebKit/537.36 (KHTML, like Gecko) Chrome/90.0.4430.85 Safari/537.36"
103.237.39.241 - - [05/Apr/2026:17:50:38 +0330] "GET /wp-login.php?redirect_to=https%3A%2F%2Fmsg.co.ir%2Fwp-admin%2F&reauth=1 HTTP/1.1" 200 3212 "www.google.com" "Mozilla/5.0 (Windows NT 10.0; Win64; x64) AppleWebKit/537.36 (KHTML, like Gecko) Chrome/90.0.4430.85 Safari/537.36"
18.232.116.112 - - [05/Apr/2026:17:58:49 +0330] "POST /wp-login.php HTTP/1.1" 200 10073 "-" "Mozilla/5.0"
13.222.104.142 - - [05/Apr/2026:18:07:21 +0330] "GET / HTTP/1.1" 400 52 "-" "Mozilla/5.0 (Windows; U; Windows NT 6.1; en-US) AppleWebKit/533.20.25 (KHTML, like Gecko) Version/5.0.4 Safari/533.20.27"
5.144.129.183 - - [05/Apr/2026:17:58:50 +0330] "POST /wp-cron.php?doing_wp_cron=1775399330.6911759376525878906250 HTTP/1.1" 200 20 "-" "WordPress/6.9.4; https://msg.co.ir"
5.144.129.183 - - [05/Apr/2026:17:58:50 +0330] "POST /wp-admin/admin-ajax.php?action=async_litespeed&nonce=yBacLP0QRFhKvawY89kwCPLUvsx4kkQg&litespeed_type=imgoptm HTTP/1.1" 200 21 "-" "WordPress/6.9.4; https://msg.co.ir"
18.232.116.112 - - [05/Apr/2026:18:13:15 +0330] "POST /wp-login.php HTTP/1.1" 200 10073 "-" "Mozilla/5.0"
5.144.129.183 - - [05/Apr/2026:18:13:16 +0330] "POST /wp-admin/admin-ajax.php?action=async_litespeed&nonce=gv9FSlmLAGqiYgAsDb207p4wsQ8bEDNG&litespeed_type=imgoptm HTTP/1.1" 200 21 "-" "WordPress/6.9.4; https://msg.co.ir"
5.144.129.183 - - [05/Apr/2026:18:13:16 +0330] "POST /wp-cron.php?doing_wp_cron=1775400196.1689579486846923828125 HTTP/1.1" 200 20 "-" "WordPress/6.9.4; https://msg.co.ir"
18.232.116.112 - - [05/Apr/2026:18:27:38 +0330] "POST /wp-login.php HTTP/1.1" 200 10073 "-" "Mozilla/5.0"
5.144.129.183 - - [05/Apr/2026:18:42:22 +0330] "POST /wp-cron.php?doing_wp_cron=1775401942.4831569194793701171875 HTTP/1.1" 200 20 "-" "WordPress/6.9.4; https://msg.co.ir"
5.144.129.183 - - [05/Apr/2026:18:42:22 +0330] "POST /wp-admin/admin-ajax.php?action=async_litespeed&nonce=TLhC1kI0kE1513gnuq6NB8r7KjwP26L3&litespeed_type=imgoptm HTTP/1.1" 200 21 "-" "WordPress/6.9.4; https://msg.co.ir"
5.144.129.183 - - [05/Apr/2026:18:27:39 +0330] "POST /wp-cron.php?doing_wp_cron=1775401059.4984838962554931640625 HTTP/1.1" 200 20 "-" "WordPress/6.9.4; https://msg.co.ir"
5.144.129.183 - - [05/Apr/2026:18:27:39 +0330] "POST /wp-admin/admin-ajax.php?action=async_litespeed&nonce=1MzETu7WAITH4KQIj3olPMvrctKrD9ik&litespeed_type=imgoptm HTTP/1.1" 200 21 "-" "WordPress/6.9.4; https://msg.co.ir"
18.232.116.112 - - [05/Apr/2026:18:42:21 +0330] "POST /wp-login.php HTTP/1.1" 200 10073 "-" "Mozilla/5.0"
5.144.129.183 - - [05/Apr/2026:18:56:47 +0330] "POST /wp-cron.php?doing_wp_cron=1775402807.4607479572296142578125 HTTP/1.1" 200 20 "-" "WordPress/6.9.4; https://msg.co.ir"
18.232.116.112 - - [05/Apr/2026:18:56:46 +0330] "POST /wp-login.php HTTP/1.1" 200 10073 "-" "Mozilla/5.0"
5.144.129.183 - - [05/Apr/2026:18:56:47 +0330] "POST /wp-admin/admin-ajax.php?action=async_litespeed&nonce=z6W1fHxqpkKJIbXlvFkLhSoWDCsGRPxj&litespeed_type=imgoptm HTTP/1.1" 200 21 "-" "WordPress/6.9.4; https://msg.co.ir"
18.232.116.112 - - [05/Apr/2026:19:10:58 +0330] "POST /wp-login.php HTTP/1.1" 200 10073 "-" "Mozilla/5.0"
5.144.129.183 - - [05/Apr/2026:19:10:59 +0330] "POST /wp-admin/admin-ajax.php?action=async_litespeed&nonce=Nh4dyOm15zMWJPYT9aaKLiHuhhLVEzAa&litespeed_type=imgoptm HTTP/1.1" 200 21 "-" "WordPress/6.9.4; https://msg.co.ir"
5.144.129.183 - - [05/Apr/2026:19:10:59 +0330] "POST /wp-cron.php?doing_wp_cron=1775403659.1309180259704589843750 HTTP/1.1" 200 20 "-" "WordPress/6.9.4; https://msg.co.ir"
216.73.216.46 - - [05/Apr/2026:19:31:12 +0330] "GET /robots.txt HTTP/2" 200 63 "-" "Mozilla/5.0 AppleWebKit/537.36 (KHTML, like Gecko; compatible; ClaudeBot/1.0; +claudebot@anthropic.com)"
216.73.216.46 - - [05/Apr/2026:19:31:12 +0330] "GET /sukce.php?fileloc=%2Fhome%2Fmsgcoir1%2Fpublic_html%2Fwp-includes%2Fblocks%2Fpost-template.php&path=%2Fhome%2Fmsgcoir1%2Fpublic_html%2Fwp-includes%2Fblocks HTTP/2" 200 4621 "-" "Mozilla/5.0 AppleWebKit/537.36 (KHTML, like Gecko; compatible; ClaudeBot/1.0; +claudebot@anthropic.com)"
216.73.216.46 - - [05/Apr/2026:19:31:12 +0330] "GET /sukce.php?fileloc=%2Fhome%2Fmsgcoir1%2Fpublic_html%2Fwp-admin%2Fnetwork%2Ffreedoms.php&path=%2Fhome%2Fmsgcoir1%2Fpublic_html%2Fwp-admin%2Fnetwork HTTP/2" 200 2641 "-" "Mozilla/5.0 AppleWebKit/537.36 (KHTML, like Gecko; compatible; ClaudeBot/1.0; +claudebot@anthropic.com)"
216.73.216.46 - - [05/Apr/2026:19:31:13 +0330] "GET /sukce.php?fileloc=%2Fhome%2Fmsgcoir1%2Fpublic_html%2Fwp-includes%2Fblocks%2Flist.php&path=%2Fhome%2Fmsgcoir1%2Fpublic_html%2Fwp-includes%2Fblocks HTTP/2" 200 3055 "-" "Mozilla/5.0 AppleWebKit/537.36 (KHTML, like Gecko; compatible; ClaudeBot/1.0; +claudebot@anthropic.com)"
216.73.216.46 - - [05/Apr/2026:19:31:13 +0330] "GET /sukce.php?fileloc=%2Fhome%2Fmsgcoir1%2Fpublic_html%2Fwp-includes%2Fblocks%2Fpost-comments-link.php&path=%2Fhome%2Fmsgcoir1%2Fpublic_html%2Fwp-includes%2Fblocks HTTP/2" 200 3300 "-" "Mozilla/5.0 AppleWebKit/537.36 (KHTML, like Gecko; compatible; ClaudeBot/1.0; +claudebot@anthropic.com)"
216.73.216.46 - - [05/Apr/2026:19:31:14 +0330] "GET /sukce.php?fileloc=%2Fhome%2Fmsgcoir1%2Fpublic_html%2Fwp-includes%2Fblocks%2Flatest-posts.php&path=%2Fhome%2Fmsgcoir1%2Fpublic_html%2Fwp-includes%2Fblocks HTTP/2" 200 5145 "-" "Mozilla/5.0 AppleWebKit/537.36 (KHTML, like Gecko; compatible; ClaudeBot/1.0; +claudebot@anthropic.com)"
216.73.216.46 - - [05/Apr/2026:19:31:14 +0330] "GET /sukce.php?fileloc=%2Fhome%2Fmsgcoir1%2Fpublic_html%2Fwp-includes%2Fblocks%2Fpost-comments-form.php&path=%2Fhome%2Fmsgcoir1%2Fpublic_html%2Fwp-includes%2Fblocks HTTP/2" 200 3601 "-" "Mozilla/5.0 AppleWebKit/537.36 (KHTML, like Gecko; compatible; ClaudeBot/1.0; +claudebot@anthropic.com)"
216.73.216.46 - - [05/Apr/2026:19:31:15 +0330] "GET /sukce.php?fileloc=%2Fhome%2Fmsgcoir1%2Fpublic_html%2Fwp-admin%2Fnetwork%2Fsite-settings.php&path=%2Fhome%2Fmsgcoir1%2Fpublic_html%2Fwp-admin%2Fnetwork HTTP/2" 200 4649 "-" "Mozilla/5.0 AppleWebKit/537.36 (KHTML, like Gecko; compatible; ClaudeBot/1.0; +claudebot@anthropic.com)"
216.73.216.46 - - [05/Apr/2026:19:31:15 +0330] "GET /sukce.php?fileloc=%2Fhome%2Fmsgcoir1%2Fpublic_html%2Fwp-includes%2Fblocks%2Fpost-date.php&path=%2Fhome%2Fmsgcoir1%2Fpublic_html%2Fwp-includes%2Fblocks HTTP/2" 200 3857 "-" "Mozilla/5.0 AppleWebKit/537.36 (KHTML, like Gecko; compatible; ClaudeBot/1.0; +claudebot@anthropic.com)"
216.73.216.46 - - [05/Apr/2026:19:31:16 +0330] "GET /sukce.php?fileloc=%2Fhome%2Fmsgcoir1%2Fpublic_html%2Fwp-includes%2Fblocks%2Fterm-template.php&path=%2Fhome%2Fmsgcoir1%2Fpublic_html%2Fwp-includes%2Fblocks HTTP/2" 200 4192 "-" "Mozilla/5.0 AppleWebKit/537.36 (KHTML, like Gecko; compatible; ClaudeBot/1.0; +claudebot@anthropic.com)"
216.73.216.46 - - [05/Apr/2026:19:31:16 +0330] "GET /sukce.php?fileloc=%2Fhome%2Fmsgcoir1%2Fpublic_html%2Fwp-content%2Fplugins%2Flitespeed-cache%2Fguest.vary.php&path=%2Fhome%2Fmsgcoir1%2Fpublic_html%2Fwp-content%2Fplugins%2Flitespeed-cache HTTP/2" 200 2632 "-" "Mozilla/5.0 AppleWebKit/537.36 (KHTML, like Gecko; compatible; ClaudeBot/1.0; +claudebot@anthropic.com)"
216.73.216.46 - - [05/Apr/2026:19:31:16 +0330] "GET /sukce.php?fileloc=%2Fhome%2Fmsgcoir1%2Fpublic_html%2Fwp-content%2Fplugins%2Flitespeed-cache%2Fpackage.json&path=%2Fhome%2Fmsgcoir1%2Fpublic_html%2Fwp-content%2Fplugins%2Flitespeed-cache HTTP/2" 200 2708 "-" "Mozilla/5.0 AppleWebKit/537.36 (KHTML, like Gecko; compatible; ClaudeBot/1.0; +claudebot@anthropic.com)"
216.73.216.46 - - [05/Apr/2026:19:31:16 +0330] "GET /sukce.php?fileloc=%2Fhome%2Fmsgcoir1%2Fpublic_html%2Fwp-includes%2Fblocks%2Fcomment-edit-link.php&path=%2Fhome%2Fmsgcoir1%2Fpublic_html%2Fwp-includes%2Fblocks HTTP/2" 200 3173 "-" "Mozilla/5.0 AppleWebKit/537.36 (KHTML, like Gecko; compatible; ClaudeBot/1.0; +claudebot@anthropic.com)"
216.73.216.46 - - [05/Apr/2026:19:31:17 +0330] "GET /sukce.php?fileloc=%2Fhome%2Fmsgcoir1%2Fpublic_html%2Fwp-includes%2Fblocks%2Fnavigation-link.php&path=%2Fhome%2Fmsgcoir1%2Fpublic_html%2Fwp-includes%2Fblocks HTTP/2" 200 6376 "-" "Mozilla/5.0 AppleWebKit/537.36 (KHTML, like Gecko; compatible; ClaudeBot/1.0; +claudebot@anthropic.com)"
216.73.216.46 - - [05/Apr/2026:19:31:17 +0330] "GET /sukce.php?fileloc=%2Fhome%2Fmsgcoir1%2Fpublic_html%2Fwp-includes%2Fblocks%2Ffile.php&path=%2Fhome%2Fmsgcoir1%2Fpublic_html%2Fwp-includes%2Fblocks HTTP/2" 200 3306 "-" "Mozilla/5.0 AppleWebKit/537.36 (KHTML, like Gecko; compatible; ClaudeBot/1.0; +claudebot@anthropic.com)"
216.73.216.46 - - [05/Apr/2026:19:31:17 +0330] "GET /sukce.php?fileloc=%2Fhome%2Fmsgcoir1%2Fpublic_html%2Fwp-includes%2Fblocks%2Fimage.php&path=%2Fhome%2Fmsgcoir1%2Fpublic_html%2Fwp-includes%2Fblocks HTTP/2" 200 7044 "-" "Mozilla/5.0 AppleWebKit/537.36 (KHTML, like Gecko; compatible; ClaudeBot/1.0; +claudebot@anthropic.com)"
216.73.216.46 - - [05/Apr/2026:19:31:17 +0330] "GET /sukce.php?fileloc=%2Fhome%2Fmsgcoir1%2Fpublic_html%2Fwp-includes%2Fblocks%2Fterm-description.php&path=%2Fhome%2Fmsgcoir1%2Fpublic_html%2Fwp-includes%2Fblocks HTTP/2" 200 3174 "-" "Mozilla/5.0 AppleWebKit/537.36 (KHTML, like Gecko; compatible; ClaudeBot/1.0; +claudebot@anthropic.com)"
216.73.216.46 - - [05/Apr/2026:19:31:18 +0330] "GET /sukce.php?fileloc=%2Fhome%2Fmsgcoir1%2Fpublic_html%2Fwp-includes%2Fblocks%2Fquery-total.php&path=%2Fhome%2Fmsgcoir1%2Fpublic_html%2Fwp-includes%2Fblocks HTTP/2" 200 3487 "-" "Mozilla/5.0 AppleWebKit/537.36 (KHTML, like Gecko; compatible; ClaudeBot/1.0; +claudebot@anthropic.com)"
216.73.216.46 - - [05/Apr/2026:19:31:18 +0330] "GET /sukce.php?fileloc=%2Fhome%2Fmsgcoir1%2Fpublic_html%2Fwp-includes%2Fblocks%2Fblocks-json.php&path=%2Fhome%2Fmsgcoir1%2Fpublic_html%2Fwp-includes%2Fblocks HTTP/2" 200 22985 "-" "Mozilla/5.0 AppleWebKit/537.36 (KHTML, like Gecko; compatible; ClaudeBot/1.0; +claudebot@anthropic.com)"
216.73.216.46 - - [05/Apr/2026:19:31:18 +0330] "GET /sukce.php?fileloc=%2Fhome%2Fmsgcoir1%2Fpublic_html%2Fwp-includes%2Fblocks%2Fquery-title.php&path=%2Fhome%2Fmsgcoir1%2Fpublic_html%2Fwp-includes%2Fblocks HTTP/2" 200 3523 "-" "Mozilla/5.0 AppleWebKit/537.36 (KHTML, like Gecko; compatible; ClaudeBot/1.0; +claudebot@anthropic.com)"
216.73.216.46 - - [05/Apr/2026:19:31:18 +0330] "GET /sukce.php?fileloc=%2Fhome%2Fmsgcoir1%2Fpublic_html%2Fwp-includes%2Fblocks%2Fcomments-title.php&path=%2Fhome%2Fmsgcoir1%2Fpublic_html%2Fwp-includes%2Fblocks HTTP/2" 200 3344 "-" "Mozilla/5.0 AppleWebKit/537.36 (KHTML, like Gecko; compatible; ClaudeBot/1.0; +claudebot@anthropic.com)"
216.73.216.46 - - [05/Apr/2026:19:31:19 +0330] "GET /sukce.php?fileloc=%2Fhome%2Fmsgcoir1%2Fpublic_html%2Fwp-includes%2Fblocks%2Fheading.php&path=%2Fhome%2Fmsgcoir1%2Fpublic_html%2Fwp-includes%2Fblocks HTTP/2" 200 3057 "-" "Mozilla/5.0 AppleWebKit/537.36 (KHTML, like Gecko; compatible; ClaudeBot/1.0; +claudebot@anthropic.com)"
216.73.216.46 - - [05/Apr/2026:19:31:19 +0330] "GET /sukce.php?fileloc=%2Fhome%2Fmsgcoir1%2Fpublic_html%2Fwp-includes%2Fblocks%2Fcomment-reply-link.php&path=%2Fhome%2Fmsgcoir1%2Fpublic_html%2Fwp-includes%2Fblocks HTTP/2" 200 3259 "-" "Mozilla/5.0 AppleWebKit/537.36 (KHTML, like Gecko; compatible; ClaudeBot/1.0; +claudebot@anthropic.com)"
216.73.216.46 - - [05/Apr/2026:19:31:19 +0330] "GET /sukce.php?fileloc=%2Fhome%2Fmsgcoir1%2Fpublic_html%2Fwp-includes%2Fblocks%2Fcomment-content.php&path=%2Fhome%2Fmsgcoir1%2Fpublic_html%2Fwp-includes%2Fblocks HTTP/2" 200 3394 "-" "Mozilla/5.0 AppleWebKit/537.36 (KHTML, like Gecko; compatible; ClaudeBot/1.0; +claudebot@anthropic.com)"
216.73.216.46 - - [05/Apr/2026:19:31:19 +0330] "GET /sukce.php?fileloc=%2Fhome%2Fmsgcoir1%2Fpublic_html%2Fwp-includes%2Fblocks%2Fcomment-template.php&path=%2Fhome%2Fmsgcoir1%2Fpublic_html%2Fwp-includes%2Fblocks HTTP/2" 200 4133 "-" "Mozilla/5.0 AppleWebKit/537.36 (KHTML, like Gecko; compatible; ClaudeBot/1.0; +claudebot@anthropic.com)"
216.73.216.46 - - [05/Apr/2026:19:31:19 +0330] "GET /sukce.php?fileloc=%2Fhome%2Fmsgcoir1%2Fpublic_html%2Fwp-includes%2Fblocks%2Fblock.php&path=%2Fhome%2Fmsgcoir1%2Fpublic_html%2Fwp-includes%2Fblocks HTTP/2" 200 4112 "-" "Mozilla/5.0 AppleWebKit/537.36 (KHTML, like Gecko; compatible; ClaudeBot/1.0; +claudebot@anthropic.com)"
216.73.216.46 - - [05/Apr/2026:19:31:19 +0330] "GET /sukce.php?fileloc=%2Fhome%2Fmsgcoir1%2Fpublic_html%2Fwp-includes%2Fblocks%2Frequire-dynamic-blocks.php&path=%2Fhome%2Fmsgcoir1%2Fpublic_html%2Fwp-includes%2Fblocks HTTP/2" 200 3149 "-" "Mozilla/5.0 AppleWebKit/537.36 (KHTML, like Gecko; compatible; ClaudeBot/1.0; +claudebot@anthropic.com)"
216.73.216.46 - - [05/Apr/2026:19:31:20 +0330] "GET /sukce.php?fileloc=%2Fhome%2Fmsgcoir1%2Fpublic_html%2Fwp-admin%2Fnetwork%2Fcontribute.php&path=%2Fhome%2Fmsgcoir1%2Fpublic_html%2Fwp-admin%2Fnetwork HTTP/2" 200 2641 "-" "Mozilla/5.0 AppleWebKit/537.36 (KHTML, like Gecko; compatible; ClaudeBot/1.0; +claudebot@anthropic.com)"
216.73.216.46 - - [05/Apr/2026:19:31:20 +0330] "GET /sukce.php?fileloc=%2Fhome%2Fmsgcoir1%2Fpublic_html%2Fwp-includes%2Fblocks%2Fnavigation-submenu.php&path=%2Fhome%2Fmsgcoir1%2Fpublic_html%2Fwp-includes%2Fblocks HTTP/2" 200 5524 "-" "Mozilla/5.0 AppleWebKit/537.36 (KHTML, like Gecko; compatible; ClaudeBot/1.0; +claudebot@anthropic.com)"
216.73.216.46 - - [05/Apr/2026:19:31:20 +0330] "GET /sukce.php?fileloc=%2Fhome%2Fmsgcoir1%2Fpublic_html%2Fwp-admin%2Fnetwork%2Fupgrade.php&path=%2Fhome%2Fmsgcoir1%2Fpublic_html%2Fwp-admin%2Fnetwork HTTP/2" 200 4622 "-" "Mozilla/5.0 AppleWebKit/537.36 (KHTML, like Gecko; compatible; ClaudeBot/1.0; +claudebot@anthropic.com)"
216.73.216.46 - - [05/Apr/2026:19:31:20 +0330] "GET /sukce.php?fileloc=%2Fhome%2Fmsgcoir1%2Fpublic_html%2Fwp-includes%2Fblocks%2Ffootnotes.php&path=%2Fhome%2Fmsgcoir1%2Fpublic_html%2Fwp-includes%2Fblocks HTTP/2" 200 3878 "-" "Mozilla/5.0 AppleWebKit/537.36 (KHTML, like Gecko; compatible; ClaudeBot/1.0; +claudebot@anthropic.com)"
216.73.216.46 - - [05/Apr/2026:19:31:20 +0330] "GET /sukce.php?fileloc=%2Fhome%2Fmsgcoir1%2Fpublic_html%2Fwp-includes%2Fstyle-engine%2Fclass-wp-style-engine.php&path=%2Fhome%2Fmsgcoir1%2Fpublic_html%2Fwp-includes%2Fstyle-engine HTTP/2" 200 8271 "-" "Mozilla/5.0 AppleWebKit/537.36 (KHTML, like Gecko; compatible; ClaudeBot/1.0; +claudebot@anthropic.com)"
216.73.216.46 - - [05/Apr/2026:19:31:20 +0330] "GET /sukce.php?fileloc=%2Fhome%2Fmsgcoir1%2Fpublic_html%2Fwp-admin%2Fnetwork%2Findex.php&path=%2Fhome%2Fmsgcoir1%2Fpublic_html%2Fwp-admin%2Fnetwork HTTP/2" 200 3683 "-" "Mozilla/5.0 AppleWebKit/537.36 (KHTML, like Gecko; compatible; ClaudeBot/1.0; +claudebot@anthropic.com)"
216.73.216.46 - - [05/Apr/2026:19:31:20 +0330] "GET /sukce.php?fileloc=%2Fhome%2Fmsgcoir1%2Fpublic_html%2Fwp-includes%2Fblocks%2Fterm-count.php&path=%2Fhome%2Fmsgcoir1%2Fpublic_html%2Fwp-includes%2Fblocks HTTP/2" 200 3242 "-" "Mozilla/5.0 AppleWebKit/537.36 (KHTML, like Gecko; compatible; ClaudeBot/1.0; +claudebot@anthropic.com)"
216.73.216.46 - - [05/Apr/2026:19:31:21 +0330] "GET /sukce.php?fileloc=%2Fhome%2Fmsgcoir1%2Fpublic_html%2Fwp-admin%2Fnetwork%2Fuser-new.php&path=%2Fhome%2Fmsgcoir1%2Fpublic_html%2Fwp-admin%2Fnetwork HTTP/2" 200 4613 "-" "Mozilla/5.0 AppleWebKit/537.36 (KHTML, like Gecko; compatible; ClaudeBot/1.0; +claudebot@anthropic.com)"
216.73.216.46 - - [05/Apr/2026:19:31:21 +0330] "GET /sukce.php?fileloc=%2Fhome%2Fmsgcoir1%2Fpublic_html%2Fwp-admin%2Fnetwork%2Fsites.php&path=%2Fhome%2Fmsgcoir1%2Fpublic_html%2Fwp-admin%2Fnetwork HTTP/2" 200 6740 "-" "Mozilla/5.0 AppleWebKit/537.36 (KHTML, like Gecko; compatible; ClaudeBot/1.0; +claudebot@anthropic.com)"
216.73.216.46 - - [05/Apr/2026:19:31:21 +0330] "GET /sukce.php?fileloc=%2Fhome%2Fmsgcoir1%2Fpublic_html%2Fwp-admin%2Fnetwork%2Fthemes.php&path=%2Fhome%2Fmsgcoir1%2Fpublic_html%2Fwp-admin%2Fnetwork HTTP/2" 200 6847 "-" "Mozilla/5.0 AppleWebKit/537.36 (KHTML, like Gecko; compatible; ClaudeBot/1.0; +claudebot@anthropic.com)"
216.73.216.46 - - [05/Apr/2026:19:31:21 +0330] "GET /sukce.php?fileloc=%2Fhome%2Fmsgcoir1%2Fpublic_html%2Fwp-includes%2Fblocks%2Frequire-static-blocks.php&path=%2Fhome%2Fmsgcoir1%2Fpublic_html%2Fwp-includes%2Fblocks HTTP/2" 200 2803 "-" "Mozilla/5.0 AppleWebKit/537.36 (KHTML, like Gecko; compatible; ClaudeBot/1.0; +claudebot@anthropic.com)"
216.73.216.46 - - [05/Apr/2026:19:31:21 +0330] "GET /sukce.php?fileloc=%2Fhome%2Fmsgcoir1%2Fpublic_html%2Fwp-admin%2Fnetwork%2Fprivacy.php&path=%2Fhome%2Fmsgcoir1%2Fpublic_html%2Fwp-admin%2Fnetwork HTTP/2" 200 2641 "-" "Mozilla/5.0 AppleWebKit/537.36 (KHTML, like Gecko; compatible; ClaudeBot/1.0; +claudebot@anthropic.com)"
