File: //proc/self/root/proc/self/root/home/msgcoir1/access-logs/msg.co.ir
66.249.72.135 - - [06/Apr/2026:12:04:48 +0330] "GET /feed/ HTTP/1.1" 404 796 "-" "Mozilla/5.0 (Linux; Android 6.0.1; Nexus 5X Build/MMB29P) AppleWebKit/537.36 (KHTML, like Gecko) Chrome/146.0.7680.177 Mobile Safari/537.36 (compatible; Googlebot/2.1; +http://www.google.com/bot.html)"
5.144.129.183 - - [06/Apr/2026:14:10:46 +0330] "POST /wp-admin/admin-ajax.php?action=async_litespeed&nonce=g4XUvBJMzNHOeg2f5x4Cgt4HWRdCWeR2&litespeed_type=imgoptm HTTP/1.1" 200 21 "-" "WordPress/6.9.4; http://msg.co.ir"
5.144.129.183 - - [06/Apr/2026:14:10:46 +0330] "POST /wp-cron.php?doing_wp_cron=1775472045.6256120204925537109375 HTTP/1.1" 200 20 "-" "WordPress/6.9.4; http://msg.co.ir"
46.101.95.205 - - [06/Apr/2026:14:10:36 +0330] "GET /wp-login.php HTTP/1.1" 200 3199 "-" "Mozilla/5.0"
46.101.95.205 - - [06/Apr/2026:14:10:46 +0330] "GET /?author=1 HTTP/1.1" 200 1862 "-" "Mozilla/5.0"
46.101.95.205 - - [06/Apr/2026:14:10:46 +0330] "GET /?feed=rss2 HTTP/1.1" 200 1862 "-" "Mozilla/5.0"
5.144.129.183 - - [06/Apr/2026:14:41:36 +0330] "POST /wp-cron.php?doing_wp_cron=1775473895.9576349258422851562500 HTTP/1.1" 200 20 "-" "WordPress/6.9.4; http://msg.co.ir"
46.101.95.205 - - [06/Apr/2026:14:41:29 +0330] "POST /wp-login.php HTTP/1.1" 200 10051 "-" "Mozilla/5.0"
5.144.129.183 - - [06/Apr/2026:14:41:36 +0330] "POST /wp-admin/admin-ajax.php?action=async_litespeed&nonce=g0riT1ntEEYs2ITu8zbPZOL3TJzAmRNf&litespeed_type=imgoptm HTTP/1.1" 200 21 "-" "WordPress/6.9.4; http://msg.co.ir"
46.101.95.205 - - [06/Apr/2026:14:46:13 +0330] "POST /wp-login.php HTTP/1.1" 200 10051 "-" "Mozilla/5.0"
5.144.129.183 - - [06/Apr/2026:14:46:19 +0330] "POST /wp-admin/admin-ajax.php?action=async_litespeed&nonce=Wl22W2LzVZbAg84AGD7r299yKUretilk&litespeed_type=imgoptm HTTP/1.1" 200 21 "-" "WordPress/6.9.4; http://msg.co.ir"
5.144.129.183 - - [06/Apr/2026:14:46:19 +0330] "POST /wp-cron.php?doing_wp_cron=1775474179.1836340427398681640625 HTTP/1.1" 200 20 "-" "WordPress/6.9.4; http://msg.co.ir"
5.144.129.183 - - [06/Apr/2026:14:47:41 +0330] "POST /wp-cron.php?doing_wp_cron=1775474261.6134009361267089843750 HTTP/1.1" 200 20 "-" "WordPress/6.9.4; http://msg.co.ir"
5.144.129.183 - - [06/Apr/2026:14:47:41 +0330] "POST /wp-admin/admin-ajax.php?action=async_litespeed&nonce=tYBTkl0Cf2t76acJsT5HLRWLibIlYR7q&litespeed_type=imgoptm HTTP/1.1" 200 21 "-" "WordPress/6.9.4; http://msg.co.ir"
164.68.124.27 - - [06/Apr/2026:14:47:40 +0330] "GET / HTTP/1.1" 200 7347 "-" "Mozilla/5.0 (Windows NT 10.0; Win64; x64) AppleWebKit/537.36 (KHTML, like Gecko) Chrome/80.0.3987.149 Safari/537.36"
164.68.124.27 - - [06/Apr/2026:14:47:41 +0330] "GET / HTTP/1.1" 200 7347 "-" "Mozilla/5.0 (Windows NT 10.0; Win64; x64) AppleWebKit/537.36 (KHTML, like Gecko) Chrome/80.0.3987.149 Safari/537.36"
164.68.124.27 - - [06/Apr/2026:14:47:41 +0330] "GET /wp-includes/wlwmanifest.xml HTTP/1.1" 404 796 "-" "Mozilla/5.0 (Windows NT 10.0; Win64; x64) AppleWebKit/537.36 (KHTML, like Gecko) Chrome/80.0.3987.149 Safari/537.36"
164.68.124.27 - - [06/Apr/2026:14:47:41 +0330] "GET /xmlrpc.php?rsd HTTP/1.1" 200 762 "-" "Mozilla/5.0 (Windows NT 10.0; Win64; x64) AppleWebKit/537.36 (KHTML, like Gecko) Chrome/80.0.3987.149 Safari/537.36"
164.68.124.27 - - [06/Apr/2026:14:47:41 +0330] "GET /?author=1 HTTP/1.1" 200 7347 "-" "Mozilla/5.0 (Windows NT 10.0; Win64; x64) AppleWebKit/537.36 (KHTML, like Gecko) Chrome/80.0.3987.149 Safari/537.36"
164.68.124.27 - - [06/Apr/2026:14:47:41 +0330] "GET /?author=2 HTTP/1.1" 200 7347 "-" "Mozilla/5.0 (Windows NT 10.0; Win64; x64) AppleWebKit/537.36 (KHTML, like Gecko) Chrome/80.0.3987.149 Safari/537.36"
164.68.124.27 - - [06/Apr/2026:14:47:42 +0330] "GET /wp-json/wp/v2/users/ HTTP/1.1" 404 796 "-" "Mozilla/5.0 (Windows NT 10.0; Win64; x64) AppleWebKit/537.36 (KHTML, like Gecko) Chrome/80.0.3987.149 Safari/537.36"
164.68.124.27 - - [06/Apr/2026:14:47:42 +0330] "GET /wp-json/oembed/1.0/embed?url=http://msg.co.ir HTTP/1.1" 404 796 "-" "Mozilla/5.0 (Windows NT 10.0; Win64; x64) AppleWebKit/537.36 (KHTML, like Gecko) Chrome/80.0.3987.149 Safari/537.36"
164.68.124.27 - - [06/Apr/2026:14:47:42 +0330] "POST /xmlrpc.php HTTP/1.1" 200 403 "-" "Mozilla/5.0 (Windows NT 10.0; Win64; x64) AppleWebKit/537.36 (KHTML, like Gecko) Chrome/80.0.3987.149 Safari/537.36"
164.68.124.27 - - [06/Apr/2026:14:48:01 +0330] "POST /xmlrpc.php HTTP/1.1" 200 424 "-" "Mozilla/5.0 (Windows NT 10.0; Win64; x64) AppleWebKit/537.36 (KHTML, like Gecko) Chrome/80.0.3987.149 Safari/537.36"
164.68.124.27 - - [06/Apr/2026:14:48:16 +0330] "POST /xmlrpc.php HTTP/1.1" 200 403 "-" "Mozilla/5.0 (Windows NT 10.0; Win64; x64) AppleWebKit/537.36 (KHTML, like Gecko) Chrome/80.0.3987.149 Safari/537.36"
164.68.124.27 - - [06/Apr/2026:14:48:31 +0330] "POST /xmlrpc.php HTTP/1.1" 200 424 "-" "Mozilla/5.0 (Windows NT 10.0; Win64; x64) AppleWebKit/537.36 (KHTML, like Gecko) Chrome/80.0.3987.149 Safari/537.36"
164.68.124.27 - - [06/Apr/2026:14:48:46 +0330] "POST /xmlrpc.php HTTP/1.1" 200 424 "-" "Mozilla/5.0 (Windows NT 10.0; Win64; x64) AppleWebKit/537.36 (KHTML, like Gecko) Chrome/80.0.3987.149 Safari/537.36"
164.68.124.27 - - [06/Apr/2026:14:49:01 +0330] "POST /xmlrpc.php HTTP/1.1" 200 424 "-" "Mozilla/5.0 (Windows NT 10.0; Win64; x64) AppleWebKit/537.36 (KHTML, like Gecko) Chrome/80.0.3987.149 Safari/537.36"
164.68.124.27 - - [06/Apr/2026:14:49:16 +0330] "POST /xmlrpc.php HTTP/1.1" 200 424 "-" "Mozilla/5.0 (Windows NT 10.0; Win64; x64) AppleWebKit/537.36 (KHTML, like Gecko) Chrome/80.0.3987.149 Safari/537.36"
164.68.124.27 - - [06/Apr/2026:14:49:31 +0330] "POST /xmlrpc.php HTTP/1.1" 200 424 "-" "Mozilla/5.0 (Windows NT 10.0; Win64; x64) AppleWebKit/537.36 (KHTML, like Gecko) Chrome/80.0.3987.149 Safari/537.36"
164.68.124.27 - - [06/Apr/2026:14:49:46 +0330] "POST /xmlrpc.php HTTP/1.1" 200 424 "-" "Mozilla/5.0 (Windows NT 10.0; Win64; x64) AppleWebKit/537.36 (KHTML, like Gecko) Chrome/80.0.3987.149 Safari/537.36"
164.68.124.27 - - [06/Apr/2026:14:50:01 +0330] "POST /xmlrpc.php HTTP/1.1" 200 424 "-" "Mozilla/5.0 (Windows NT 10.0; Win64; x64) AppleWebKit/537.36 (KHTML, like Gecko) Chrome/80.0.3987.149 Safari/537.36"
5.144.129.183 - - [06/Apr/2026:14:49:46 +0330] "POST /wp-admin/admin-ajax.php?action=async_litespeed&nonce=KAXqqRDsIkf2DnDWv7utghKNy4M1EyxI&litespeed_type=imgoptm HTTP/1.1" 200 21 "-" "WordPress/6.9.4; http://msg.co.ir"
5.144.129.183 - - [06/Apr/2026:14:48:46 +0330] "POST /wp-admin/admin-ajax.php?action=async_litespeed&nonce=DmCPlyAxm2ELsQAcAUEkCIgk2DqYrX9B&litespeed_type=imgoptm HTTP/1.1" 200 21 "-" "WordPress/6.9.4; http://msg.co.ir"
46.101.95.205 - - [06/Apr/2026:14:50:19 +0330] "POST /wp-login.php HTTP/1.1" 200 10051 "-" "Mozilla/5.0"
5.144.129.183 - - [06/Apr/2026:14:49:45 +0330] "POST /wp-cron.php?doing_wp_cron=1775474385.9460239410400390625000 HTTP/1.1" 200 20 "-" "WordPress/6.9.4; http://msg.co.ir"
5.144.129.183 - - [06/Apr/2026:14:48:45 +0330] "POST /wp-cron.php?doing_wp_cron=1775474325.9587390422821044921875 HTTP/1.1" 200 20 "-" "WordPress/6.9.4; http://msg.co.ir"
5.144.129.183 - - [06/Apr/2026:15:00:56 +0330] "POST /wp-admin/admin-ajax.php?action=async_litespeed&nonce=M0wLtIuyPjGDfsG7DurmovKhhebPjppG&litespeed_type=imgoptm HTTP/1.1" 200 21 "-" "WordPress/6.9.4; http://msg.co.ir"
5.144.129.183 - - [06/Apr/2026:14:55:23 +0330] "POST /wp-admin/admin-ajax.php?action=async_litespeed&nonce=ZImRgQUHi4DQO04PJqiQxr8ppiCDW8Yw&litespeed_type=imgoptm HTTP/1.1" 200 21 "-" "WordPress/6.9.4; http://msg.co.ir"
46.101.95.205 - - [06/Apr/2026:14:55:17 +0330] "POST /wp-login.php HTTP/1.1" 200 10051 "-" "Mozilla/5.0"
5.144.129.183 - - [06/Apr/2026:15:00:56 +0330] "POST /wp-cron.php?doing_wp_cron=1775475056.6972889900207519531250 HTTP/1.1" 200 20 "-" "WordPress/6.9.4; http://msg.co.ir"
5.144.129.183 - - [06/Apr/2026:15:07:25 +0330] "POST /wp-admin/admin-ajax.php?action=async_litespeed&nonce=wjMWGSvmJ2ctqQgha26z69LAldRsQDCX&litespeed_type=imgoptm HTTP/1.1" 200 21 "-" "WordPress/6.9.4; http://msg.co.ir"
5.144.129.183 - - [06/Apr/2026:14:55:23 +0330] "POST /wp-cron.php?doing_wp_cron=1775474723.8155539035797119140625 HTTP/1.1" 200 20 "-" "WordPress/6.9.4; http://msg.co.ir"
46.101.95.205 - - [06/Apr/2026:15:00:50 +0330] "POST /wp-login.php HTTP/1.1" 200 10051 "-" "Mozilla/5.0"
5.144.129.183 - - [06/Apr/2026:15:07:25 +0330] "POST /wp-cron.php?doing_wp_cron=1775475444.4332180023193359375000 HTTP/1.1" 200 20 "-" "WordPress/6.9.4; http://msg.co.ir"
46.101.95.205 - - [06/Apr/2026:15:07:18 +0330] "POST /wp-login.php HTTP/1.1" 200 10051 "-" "Mozilla/5.0"
93.158.90.66 - - [06/Apr/2026:15:13:01 +0330] "GET / HTTP/1.1" 200 1862 "-" "Mozilla/5.0 (Windows NT 10.0; Win64; x64) AppleWebKit/537.36 (KHTML, like Gecko) Chrome/122.0.0.0 Safari/537.36 Agency/93.8.2357.5"
5.144.129.183 - - [06/Apr/2026:15:16:51 +0330] "POST /wp-cron.php?doing_wp_cron=1775476011.5313780307769775390625 HTTP/1.1" 200 20 "-" "WordPress/6.9.4; http://msg.co.ir"
46.101.95.205 - - [06/Apr/2026:15:16:45 +0330] "POST /wp-login.php HTTP/1.1" 200 10051 "-" "Mozilla/5.0"
5.144.129.183 - - [06/Apr/2026:15:16:51 +0330] "POST /wp-admin/admin-ajax.php?action=async_litespeed&nonce=8WnHzwnh6vbgdFvYsHzi9RS9gvYcfv2o&litespeed_type=imgoptm HTTP/1.1" 200 21 "-" "WordPress/6.9.4; http://msg.co.ir"
195.181.242.86 - - [06/Apr/2026:15:19:26 +0330] "GET /?wbTokenVerifyDiag=1 HTTP/1.1" 200 1862 "-" "Mozilla/5.0 (Windows NT 10.0; Win64; x64) AppleWebKit/537.36 (KHTML, like Gecko) Chrome/96.0.4664.110 Safari/537.36"
195.181.242.86 - - [06/Apr/2026:15:19:26 +0330] "GET /?wbTokenVerifyDiag=1 HTTP/1.1" 200 1868 "-" "Mozilla/5.0 (Windows NT 10.0; Win64; x64) AppleWebKit/537.36 (KHTML, like Gecko) Chrome/96.0.4664.110 Safari/537.36"
5.144.129.183 - - [06/Apr/2026:15:26:40 +0330] "POST /wp-cron.php?doing_wp_cron=1775476600.6795721054077148437500 HTTP/1.1" 200 20 "-" "WordPress/6.9.4; http://msg.co.ir"
46.101.95.205 - - [06/Apr/2026:15:26:33 +0330] "POST /wp-login.php HTTP/1.1" 200 10051 "-" "Mozilla/5.0"
5.144.129.183 - - [06/Apr/2026:15:26:41 +0330] "POST /wp-admin/admin-ajax.php?action=async_litespeed&nonce=i6fMJ5EWHj0zS3YwjxLMobbRzJFrTdHz&litespeed_type=imgoptm HTTP/1.1" 200 21 "-" "WordPress/6.9.4; http://msg.co.ir"
5.144.129.183 - - [06/Apr/2026:15:36:24 +0330] "POST /wp-cron.php?doing_wp_cron=1775477184.1970100402832031250000 HTTP/1.1" 200 20 "-" "WordPress/6.9.4; http://msg.co.ir"
46.101.95.205 - - [06/Apr/2026:15:36:18 +0330] "POST /wp-login.php HTTP/1.1" 200 10051 "-" "Mozilla/5.0"
5.144.129.183 - - [06/Apr/2026:15:36:24 +0330] "POST /wp-admin/admin-ajax.php?action=async_litespeed&nonce=DDsNA5evVY1aCSWjbQtO5REv51HABBcC&litespeed_type=imgoptm HTTP/1.1" 200 21 "-" "WordPress/6.9.4; http://msg.co.ir"
5.144.129.183 - - [06/Apr/2026:15:46:00 +0330] "POST /wp-cron.php?doing_wp_cron=1775477760.4855010509490966796875 HTTP/1.1" 200 20 "-" "WordPress/6.9.4; http://msg.co.ir"
46.101.95.205 - - [06/Apr/2026:15:45:54 +0330] "POST /wp-login.php HTTP/1.1" 200 10051 "-" "Mozilla/5.0"
5.144.129.183 - - [06/Apr/2026:15:46:00 +0330] "POST /wp-admin/admin-ajax.php?action=async_litespeed&nonce=Grlr7vfJtwyCpgSBI7hgaQ4XgNfgKAIv&litespeed_type=imgoptm HTTP/1.1" 200 21 "-" "WordPress/6.9.4; http://msg.co.ir"
46.101.95.205 - - [06/Apr/2026:15:55:19 +0330] "POST /wp-login.php HTTP/1.1" 200 10051 "-" "Mozilla/5.0"
5.144.129.183 - - [06/Apr/2026:15:55:25 +0330] "POST /wp-admin/admin-ajax.php?action=async_litespeed&nonce=MGepNhb03uataNb8gwTRIk4qHQjfsRoA&litespeed_type=imgoptm HTTP/1.1" 200 21 "-" "WordPress/6.9.4; http://msg.co.ir"
5.144.129.183 - - [06/Apr/2026:15:55:25 +0330] "POST /wp-cron.php?doing_wp_cron=1775478325.2620720863342285156250 HTTP/1.1" 200 20 "-" "WordPress/6.9.4; http://msg.co.ir"
46.101.95.205 - - [06/Apr/2026:16:04:52 +0330] "POST /wp-login.php HTTP/1.1" 200 10051 "-" "Mozilla/5.0"
5.144.129.183 - - [06/Apr/2026:16:04:59 +0330] "POST /wp-cron.php?doing_wp_cron=1775478899.0889840126037597656250 HTTP/1.1" 200 20 "-" "WordPress/6.9.4; http://msg.co.ir"
5.144.129.183 - - [06/Apr/2026:16:04:59 +0330] "POST /wp-admin/admin-ajax.php?action=async_litespeed&nonce=HDtqr4ogzjWaEVhG9tpi84ES8585yV9K&litespeed_type=imgoptm HTTP/1.1" 200 21 "-" "WordPress/6.9.4; http://msg.co.ir"
46.101.95.205 - - [06/Apr/2026:16:14:33 +0330] "POST /wp-login.php HTTP/1.1" 200 10051 "-" "Mozilla/5.0"
5.144.129.183 - - [06/Apr/2026:16:14:40 +0330] "POST /wp-cron.php?doing_wp_cron=1775479479.4764299392700195312500 HTTP/1.1" 200 20 "-" "WordPress/6.9.4; http://msg.co.ir"
5.144.129.183 - - [06/Apr/2026:16:14:40 +0330] "POST /wp-admin/admin-ajax.php?action=async_litespeed&nonce=tdVBRf2LbMvCRVZtekEmHpVYH4emOdAG&litespeed_type=imgoptm HTTP/1.1" 200 21 "-" "WordPress/6.9.4; http://msg.co.ir"
5.144.129.183 - - [06/Apr/2026:16:24:27 +0330] "POST /wp-cron.php?doing_wp_cron=1775480067.1995279788970947265625 HTTP/1.1" 200 20 "-" "WordPress/6.9.4; http://msg.co.ir"
46.101.95.205 - - [06/Apr/2026:16:24:21 +0330] "POST /wp-login.php HTTP/1.1" 200 10051 "-" "Mozilla/5.0"
5.144.129.183 - - [06/Apr/2026:16:24:27 +0330] "POST /wp-admin/admin-ajax.php?action=async_litespeed&nonce=f5QhsWDLswIcV1E2X5AAIdSuhphF8X6f&litespeed_type=imgoptm HTTP/1.1" 200 21 "-" "WordPress/6.9.4; http://msg.co.ir"
5.144.129.183 - - [06/Apr/2026:16:34:21 +0330] "POST /wp-cron.php?doing_wp_cron=1775480661.1709420680999755859375 HTTP/1.1" 200 20 "-" "WordPress/6.9.4; http://msg.co.ir"
46.101.95.205 - - [06/Apr/2026:16:34:14 +0330] "POST /wp-login.php HTTP/1.1" 200 10051 "-" "Mozilla/5.0"
5.144.129.183 - - [06/Apr/2026:16:34:21 +0330] "POST /wp-admin/admin-ajax.php?action=async_litespeed&nonce=1JYrP1sjSzGy247pLRB9zFxfYSTGFbnB&litespeed_type=imgoptm HTTP/1.1" 200 21 "-" "WordPress/6.9.4; http://msg.co.ir"
5.144.129.183 - - [06/Apr/2026:16:44:24 +0330] "POST /wp-cron.php?doing_wp_cron=1775481264.1810340881347656250000 HTTP/1.1" 200 20 "-" "WordPress/6.9.4; http://msg.co.ir"
46.101.95.205 - - [06/Apr/2026:16:44:15 +0330] "POST /wp-login.php HTTP/1.1" 200 10051 "-" "Mozilla/5.0"
5.144.129.183 - - [06/Apr/2026:16:54:37 +0330] "POST /wp-cron.php?doing_wp_cron=1775481876.5815169811248779296875 HTTP/1.1" 200 20 "-" "WordPress/6.9.4; http://msg.co.ir"
5.144.129.183 - - [06/Apr/2026:17:15:02 +0330] "POST /wp-cron.php?doing_wp_cron=1775483101.4711740016937255859375 HTTP/1.1" 200 20 "-" "WordPress/6.9.4; http://msg.co.ir"
46.101.95.205 - - [06/Apr/2026:17:14:55 +0330] "POST /wp-login.php HTTP/1.1" 200 10051 "-" "Mozilla/5.0"
5.144.129.183 - - [06/Apr/2026:16:44:24 +0330] "POST /wp-admin/admin-ajax.php?action=async_litespeed&nonce=ohE1WHLrxg4pBJoH8tRATEuBLrNCZnro&litespeed_type=imgoptm HTTP/1.1" 200 21 "-" "WordPress/6.9.4; http://msg.co.ir"
5.144.129.183 - - [06/Apr/2026:16:54:37 +0330] "POST /wp-admin/admin-ajax.php?action=async_litespeed&nonce=noxp6LNC4Rq2EByWUYWRujrmtTENqegu&litespeed_type=imgoptm HTTP/1.1" 200 21 "-" "WordPress/6.9.4; http://msg.co.ir"
5.144.129.183 - - [06/Apr/2026:17:04:46 +0330] "POST /wp-admin/admin-ajax.php?action=async_litespeed&nonce=a6aAxmRaFlgIqk4w18bVb4RosFpPppoi&litespeed_type=imgoptm HTTP/1.1" 200 21 "-" "WordPress/6.9.4; http://msg.co.ir"
5.144.129.183 - - [06/Apr/2026:17:24:18 +0330] "POST /wp-admin/admin-ajax.php?action=async_litespeed&nonce=woJvOQN04vokSB8a4zNFG6R2x484sPHf&litespeed_type=imgoptm HTTP/1.1" 200 21 "-" "WordPress/6.9.4; http://msg.co.ir"
5.144.129.183 - - [06/Apr/2026:17:25:21 +0330] "POST /wp-cron.php?doing_wp_cron=1775483721.1682031154632568359375 HTTP/1.1" 200 20 "-" "WordPress/6.9.4; http://msg.co.ir"
46.101.95.205 - - [06/Apr/2026:17:35:45 +0330] "POST /wp-login.php HTTP/1.1" 200 10051 "-" "Mozilla/5.0"
5.144.129.183 - - [06/Apr/2026:17:35:51 +0330] "POST /wp-admin/admin-ajax.php?action=async_litespeed&nonce=hdlEqx6Xy2BRlqBzsRMQbmg55OcrTy3i&litespeed_type=imgoptm HTTP/1.1" 200 21 "-" "WordPress/6.9.4; http://msg.co.ir"
5.144.129.183 - - [06/Apr/2026:17:24:18 +0330] "POST /wp-cron.php?doing_wp_cron=1775483658.6624128818511962890625 HTTP/1.1" 200 20 "-" "WordPress/6.9.4; http://msg.co.ir"
5.144.129.183 - - [06/Apr/2026:17:25:21 +0330] "POST /wp-admin/admin-ajax.php?action=async_litespeed&nonce=GEbqqwNuMIMxLxJE5NxP4yovm7iOzKGY&litespeed_type=imgoptm HTTP/1.1" 200 21 "-" "WordPress/6.9.4; http://msg.co.ir"
142.93.239.35 - - [06/Apr/2026:17:24:12 +0330] "GET /wp-login.php HTTP/1.1" 200 3199 "-" "Mozilla/5.0"
142.93.239.35 - - [06/Apr/2026:17:24:18 +0330] "GET /?author=1 HTTP/1.1" 200 1862 "-" "Mozilla/5.0"
142.93.239.35 - - [06/Apr/2026:17:24:19 +0330] "GET /?feed=rss2 HTTP/1.1" 200 1862 "-" "Mozilla/5.0"
5.144.129.183 - - [06/Apr/2026:17:35:51 +0330] "POST /wp-cron.php?doing_wp_cron=1775484351.4817430973052978515625 HTTP/1.1" 200 20 "-" "WordPress/6.9.4; http://msg.co.ir"
46.101.95.205 - - [06/Apr/2026:16:54:30 +0330] "POST /wp-login.php HTTP/1.1" 200 10051 "-" "Mozilla/5.0"
5.144.129.183 - - [06/Apr/2026:17:04:46 +0330] "POST /wp-cron.php?doing_wp_cron=1775482486.7428770065307617187500 HTTP/1.1" 200 20 "-" "WordPress/6.9.4; http://msg.co.ir"
46.101.95.205 - - [06/Apr/2026:17:04:40 +0330] "POST /wp-login.php HTTP/1.1" 200 10051 "-" "Mozilla/5.0"
5.144.129.183 - - [06/Apr/2026:17:15:02 +0330] "POST /wp-admin/admin-ajax.php?action=async_litespeed&nonce=mh3jgxS2cRAogei9cfbxewckxdgXxXZ0&litespeed_type=imgoptm HTTP/1.1" 200 21 "-" "WordPress/6.9.4; http://msg.co.ir"
46.101.95.205 - - [06/Apr/2026:17:25:14 +0330] "POST /wp-login.php HTTP/1.1" 200 10051 "-" "Mozilla/5.0"
5.144.129.183 - - [06/Apr/2026:17:46:32 +0330] "POST /wp-cron.php?doing_wp_cron=1775484992.2731659412384033203125 HTTP/1.1" 200 20 "-" "WordPress/6.9.4; http://msg.co.ir"
142.93.239.35 - - [06/Apr/2026:17:50:42 +0330] "POST /wp-login.php HTTP/1.1" 200 10051 "-" "Mozilla/5.0"
5.144.129.183 - - [06/Apr/2026:17:46:32 +0330] "POST /wp-admin/admin-ajax.php?action=async_litespeed&nonce=xOJ8VQydcR9ro0DGaP3QMcQTc8QqRgQr&litespeed_type=imgoptm HTTP/1.1" 200 21 "-" "WordPress/6.9.4; http://msg.co.ir"
5.144.129.183 - - [06/Apr/2026:17:50:49 +0330] "POST /wp-cron.php?doing_wp_cron=1775485249.1144349575042724609375 HTTP/1.1" 200 20 "-" "WordPress/6.9.4; http://msg.co.ir"
46.101.95.205 - - [06/Apr/2026:17:46:25 +0330] "POST /wp-login.php HTTP/1.1" 200 10051 "-" "Mozilla/5.0"
5.144.129.183 - - [06/Apr/2026:17:50:49 +0330] "POST /wp-admin/admin-ajax.php?action=async_litespeed&nonce=Rs4m8anIR3jWzBc4GstFglt0zy5jHVC8&litespeed_type=imgoptm HTTP/1.1" 200 21 "-" "WordPress/6.9.4; http://msg.co.ir"
142.93.239.35 - - [06/Apr/2026:17:57:48 +0330] "POST /wp-login.php HTTP/1.1" 200 10051 "-" "Mozilla/5.0"
5.144.129.183 - - [06/Apr/2026:17:57:55 +0330] "POST /wp-cron.php?doing_wp_cron=1775485675.0276789665222167968750 HTTP/1.1" 200 20 "-" "WordPress/6.9.4; http://msg.co.ir"
142.93.239.35 - - [06/Apr/2026:18:06:22 +0330] "POST /wp-login.php HTTP/1.1" 200 10051 "-" "Mozilla/5.0"
5.144.129.183 - - [06/Apr/2026:18:08:03 +0330] "POST /wp-cron.php?doing_wp_cron=1775486283.3690600395202636718750 HTTP/1.1" 200 20 "-" "WordPress/6.9.4; http://msg.co.ir"
5.144.129.183 - - [06/Apr/2026:17:57:13 +0330] "POST /wp-cron.php?doing_wp_cron=1775485633.9133799076080322265625 HTTP/1.1" 200 20 "-" "WordPress/6.9.4; http://msg.co.ir"
46.101.95.205 - - [06/Apr/2026:17:57:07 +0330] "POST /wp-login.php HTTP/1.1" 200 10051 "-" "Mozilla/5.0"
5.144.129.183 - - [06/Apr/2026:17:57:14 +0330] "POST /wp-admin/admin-ajax.php?action=async_litespeed&nonce=qGHEDd6WNkeEle1dEEEXRXzUlv0jnY26&litespeed_type=imgoptm HTTP/1.1" 200 21 "-" "WordPress/6.9.4; http://msg.co.ir"
5.144.129.183 - - [06/Apr/2026:17:57:55 +0330] "POST /wp-admin/admin-ajax.php?action=async_litespeed&nonce=3f4AwMFlPtg1SPCSt96VI6UQ2b8latfK&litespeed_type=imgoptm HTTP/1.1" 200 21 "-" "WordPress/6.9.4; http://msg.co.ir"
5.144.129.183 - - [06/Apr/2026:18:06:29 +0330] "POST /wp-admin/admin-ajax.php?action=async_litespeed&nonce=t0BFt7TYyiekahY3fIuuGIugqi69iCpw&litespeed_type=imgoptm HTTP/1.1" 200 21 "-" "WordPress/6.9.4; http://msg.co.ir"
5.144.129.183 - - [06/Apr/2026:18:08:03 +0330] "POST /wp-admin/admin-ajax.php?action=async_litespeed&nonce=zTeBwNJgJmcq7tDEtPCvCkxbtEhbnNCj&litespeed_type=imgoptm HTTP/1.1" 200 21 "-" "WordPress/6.9.4; http://msg.co.ir"
45.131.195.14 - - [06/Apr/2026:18:09:17 +0330] "GET /wp-includes/css/buttons.css HTTP/1.1" 200 2489 "-" "Go-http-client/1.1"
5.144.129.183 - - [06/Apr/2026:18:17:20 +0330] "POST /wp-cron.php?doing_wp_cron=1775486840.9647929668426513671875 HTTP/1.1" 200 20 "-" "WordPress/6.9.4; http://msg.co.ir"
5.144.129.183 - - [06/Apr/2026:18:17:21 +0330] "POST /wp-admin/admin-ajax.php?action=async_litespeed&nonce=2h9zWQxx77eK7DSmdvm78IdTmlFE56D9&litespeed_type=imgoptm HTTP/1.1" 200 21 "-" "WordPress/6.9.4; http://msg.co.ir"
46.101.95.205 - - [06/Apr/2026:18:18:41 +0330] "POST /wp-login.php HTTP/1.1" 200 10051 "-" "Mozilla/5.0"
5.144.129.183 - - [06/Apr/2026:18:29:30 +0330] "POST /wp-admin/admin-ajax.php?action=async_litespeed&nonce=KmHbYwmCocwXmRbgOfSVmPMVmTgcpL3F&litespeed_type=imgoptm HTTP/1.1" 200 21 "-" "WordPress/6.9.4; http://msg.co.ir"
5.144.129.183 - - [06/Apr/2026:18:29:29 +0330] "POST /wp-cron.php?doing_wp_cron=1775487569.9223830699920654296875 HTTP/1.1" 200 20 "-" "WordPress/6.9.4; http://msg.co.ir"
5.144.129.183 - - [06/Apr/2026:18:29:40 +0330] "POST /wp-cron.php?doing_wp_cron=1775487580.6194620132446289062500 HTTP/1.1" 200 20 "-" "WordPress/6.9.4; http://msg.co.ir"
142.93.239.35 - - [06/Apr/2026:18:17:13 +0330] "POST /wp-login.php HTTP/1.1" 200 10051 "-" "Mozilla/5.0"
5.144.129.183 - - [06/Apr/2026:18:18:47 +0330] "POST /wp-cron.php?doing_wp_cron=1775486927.4029769897460937500000 HTTP/1.1" 200 20 "-" "WordPress/6.9.4; http://msg.co.ir"
5.144.129.183 - - [06/Apr/2026:18:06:29 +0330] "POST /wp-cron.php?doing_wp_cron=1775486188.6544840335845947265625 HTTP/1.1" 200 20 "-" "WordPress/6.9.4; http://msg.co.ir"
46.101.95.205 - - [06/Apr/2026:18:07:57 +0330] "POST /wp-login.php HTTP/1.1" 200 10051 "-" "Mozilla/5.0"
5.144.129.183 - - [06/Apr/2026:18:18:47 +0330] "POST /wp-admin/admin-ajax.php?action=async_litespeed&nonce=DHOtHG8PLVbAAifQqQMww0PWJ4PC4hx6&litespeed_type=imgoptm HTTP/1.1" 200 21 "-" "WordPress/6.9.4; http://msg.co.ir"
142.93.239.35 - - [06/Apr/2026:18:29:23 +0330] "POST /wp-login.php HTTP/1.1" 200 10051 "-" "Mozilla/5.0"
46.101.95.205 - - [06/Apr/2026:18:29:34 +0330] "POST /wp-login.php HTTP/1.1" 200 10051 "-" "Mozilla/5.0"
5.144.129.183 - - [06/Apr/2026:18:29:40 +0330] "POST /wp-admin/admin-ajax.php?action=async_litespeed&nonce=6hmd4KjjPW2URWpGTFNwWz1MXiaI9Whs&litespeed_type=imgoptm HTTP/1.1" 200 21 "-" "WordPress/6.9.4; http://msg.co.ir"
5.144.129.183 - - [06/Apr/2026:18:40:50 +0330] "POST /wp-admin/admin-ajax.php?action=async_litespeed&nonce=Pdeo91H3la7WMPX0i4W9AYyoLK7WIODm&litespeed_type=imgoptm HTTP/1.1" 200 21 "-" "WordPress/6.9.4; http://msg.co.ir"
5.144.129.183 - - [06/Apr/2026:18:41:47 +0330] "POST /wp-admin/admin-ajax.php?action=async_litespeed&nonce=116qmSNSKGxpE5XlnFJgnWAwe1eyT8k1&litespeed_type=imgoptm HTTP/1.1" 200 21 "-" "WordPress/6.9.4; http://msg.co.ir"
5.144.129.183 - - [06/Apr/2026:18:40:50 +0330] "POST /wp-cron.php?doing_wp_cron=1775488250.2577118873596191406250 HTTP/1.1" 200 20 "-" "WordPress/6.9.4; http://msg.co.ir"
46.101.95.205 - - [06/Apr/2026:18:40:44 +0330] "POST /wp-login.php HTTP/1.1" 200 10051 "-" "Mozilla/5.0"
46.101.95.205 - - [06/Apr/2026:18:51:52 +0330] "POST /wp-login.php HTTP/1.1" 200 10051 "-" "Mozilla/5.0"
5.144.129.183 - - [06/Apr/2026:19:14:44 +0330] "POST /wp-cron.php?doing_wp_cron=1775490284.2405760288238525390625 HTTP/1.1" 200 20 "-" "WordPress/6.9.4; http://msg.co.ir"
5.144.129.183 - - [06/Apr/2026:19:19:22 +0330] "POST /wp-admin/admin-ajax.php?action=async_litespeed&nonce=pLVFYJbyM8ZbnmiM9gOBxTKzmgdNAYDe&litespeed_type=imgoptm HTTP/1.1" 200 21 "-" "WordPress/6.9.4; http://msg.co.ir"
142.93.239.35 - - [06/Apr/2026:19:31:43 +0330] "POST /wp-login.php HTTP/1.1" 200 10051 "-" "Mozilla/5.0"
5.144.129.183 - - [06/Apr/2026:19:37:59 +0330] "POST /wp-cron.php?doing_wp_cron=1775491679.0204598903656005859375 HTTP/1.1" 200 20 "-" "WordPress/6.9.4; http://msg.co.ir"
5.144.129.183 - - [06/Apr/2026:19:37:59 +0330] "POST /wp-admin/admin-ajax.php?action=async_litespeed&nonce=Zaa3kGUarJKvxFrizs4sCstiWrPKHN2j&litespeed_type=imgoptm HTTP/1.1" 200 21 "-" "WordPress/6.9.4; http://msg.co.ir"
5.144.129.183 - - [06/Apr/2026:19:44:23 +0330] "POST /wp-cron.php?doing_wp_cron=1775492063.8221089839935302734375 HTTP/1.1" 200 20 "-" "WordPress/6.9.4; http://msg.co.ir"
142.93.239.35 - - [06/Apr/2026:18:41:41 +0330] "POST /wp-login.php HTTP/1.1" 200 10051 "-" "Mozilla/5.0"
5.144.129.183 - - [06/Apr/2026:18:54:09 +0330] "POST /wp-admin/admin-ajax.php?action=async_litespeed&nonce=hYf3HmP1r5yOGY9UBpIoTGBYSQk8SGfs&litespeed_type=imgoptm HTTP/1.1" 200 21 "-" "WordPress/6.9.4; http://msg.co.ir"
46.101.95.205 - - [06/Apr/2026:19:03:09 +0330] "POST /wp-login.php HTTP/1.1" 200 10051 "-" "Mozilla/5.0"
142.93.239.35 - - [06/Apr/2026:19:06:47 +0330] "POST /wp-login.php HTTP/1.1" 200 10051 "-" "Mozilla/5.0"
5.144.129.183 - - [06/Apr/2026:19:14:44 +0330] "POST /wp-admin/admin-ajax.php?action=async_litespeed&nonce=zsWVVs2rq46zMrTWw4RxJX0coFBVB5Ym&litespeed_type=imgoptm HTTP/1.1" 200 21 "-" "WordPress/6.9.4; http://msg.co.ir"
5.144.129.183 - - [06/Apr/2026:19:19:22 +0330] "POST /wp-cron.php?doing_wp_cron=1775490562.2059919834136962890625 HTTP/1.1" 200 20 "-" "WordPress/6.9.4; http://msg.co.ir"
5.144.129.183 - - [06/Apr/2026:19:26:16 +0330] "POST /wp-cron.php?doing_wp_cron=1775490976.4285869598388671875000 HTTP/1.1" 200 20 "-" "WordPress/6.9.4; http://msg.co.ir"
5.144.129.183 - - [06/Apr/2026:19:31:49 +0330] "POST /wp-cron.php?doing_wp_cron=1775491309.5108358860015869140625 HTTP/1.1" 200 20 "-" "WordPress/6.9.4; http://msg.co.ir"
5.144.129.183 - - [06/Apr/2026:19:31:49 +0330] "POST /wp-admin/admin-ajax.php?action=async_litespeed&nonce=i18VeS9FGCAuXdaoHaI54cokm0LYtPTW&litespeed_type=imgoptm HTTP/1.1" 200 21 "-" "WordPress/6.9.4; http://msg.co.ir"
142.93.239.35 - - [06/Apr/2026:19:44:17 +0330] "POST /wp-login.php HTTP/1.1" 200 10051 "-" "Mozilla/5.0"
66.249.72.133 - - [06/Apr/2026:19:49:59 +0330] "GET /robots.txt HTTP/1.1" 200 63 "-" "Mozilla/5.0 (compatible; Googlebot/2.1; +http://www.google.com/bot.html)"
5.144.129.183 - - [06/Apr/2026:18:51:58 +0330] "POST /wp-cron.php?doing_wp_cron=1775488918.8529989719390869140625 HTTP/1.1" 200 20 "-" "WordPress/6.9.4; http://msg.co.ir"
5.144.129.183 - - [06/Apr/2026:18:51:59 +0330] "POST /wp-admin/admin-ajax.php?action=async_litespeed&nonce=iFpR8NJDPr2ym09heWmooW4moja6LCpV&litespeed_type=imgoptm HTTP/1.1" 200 21 "-" "WordPress/6.9.4; http://msg.co.ir"
5.144.129.183 - - [06/Apr/2026:18:54:09 +0330] "POST /wp-cron.php?doing_wp_cron=1775489049.0230710506439208984375 HTTP/1.1" 200 20 "-" "WordPress/6.9.4; http://msg.co.ir"
5.144.129.183 - - [06/Apr/2026:19:03:16 +0330] "POST /wp-cron.php?doing_wp_cron=1775489596.1891739368438720703125 HTTP/1.1" 200 20 "-" "WordPress/6.9.4; http://msg.co.ir"
5.144.129.183 - - [06/Apr/2026:19:06:54 +0330] "POST /wp-cron.php?doing_wp_cron=1775489814.4694080352783203125000 HTTP/1.1" 200 20 "-" "WordPress/6.9.4; http://msg.co.ir"
5.144.129.183 - - [06/Apr/2026:19:06:55 +0330] "POST /wp-admin/admin-ajax.php?action=async_litespeed&nonce=JSYO6ZFkt4dkg5AuHrkNHyAoPj87h2Cm&litespeed_type=imgoptm HTTP/1.1" 200 21 "-" "WordPress/6.9.4; http://msg.co.ir"
46.101.95.205 - - [06/Apr/2026:19:14:37 +0330] "POST /wp-login.php HTTP/1.1" 200 10051 "-" "Mozilla/5.0"
46.101.95.205 - - [06/Apr/2026:19:26:10 +0330] "POST /wp-login.php HTTP/1.1" 200 10051 "-" "Mozilla/5.0"
5.144.129.183 - - [06/Apr/2026:19:44:23 +0330] "POST /wp-admin/admin-ajax.php?action=async_litespeed&nonce=llg1bULFtx5BoZJP1kMvDhxarUrcR5ch&litespeed_type=imgoptm HTTP/1.1" 200 21 "-" "WordPress/6.9.4; http://msg.co.ir"
66.249.72.133 - - [06/Apr/2026:19:50:28 +0330] "GET /wp-includes/sodium_compat/namespaced/ HTTP/1.1" 200 912 "-" "Mozilla/5.0 (Linux; Android 6.0.1; Nexus 5X Build/MMB29P) AppleWebKit/537.36 (KHTML, like Gecko) Chrome/146.0.7680.177 Mobile Safari/537.36 (compatible; Googlebot/2.1; +http://www.google.com/bot.html)"
66.249.72.134 - - [06/Apr/2026:19:50:34 +0330] "GET /_autoindex/assets/icons/corner-left-up.svg HTTP/1.1" 200 328 "http://msg.co.ir/wp-includes/sodium_compat/namespaced/" "Mozilla/5.0 (Linux; Android 6.0.1; Nexus 5X Build/MMB29P) AppleWebKit/537.36 (KHTML, like Gecko) Chrome/146.0.7680.177 Mobile Safari/537.36 (compatible; Googlebot/2.1; +http://www.google.com/bot.html)"
5.144.129.183 - - [06/Apr/2026:18:41:47 +0330] "POST /wp-cron.php?doing_wp_cron=1775488307.4658010005950927734375 HTTP/1.1" 200 20 "-" "WordPress/6.9.4; http://msg.co.ir"
142.93.239.35 - - [06/Apr/2026:18:54:02 +0330] "POST /wp-login.php HTTP/1.1" 200 10051 "-" "Mozilla/5.0"
5.144.129.183 - - [06/Apr/2026:19:03:16 +0330] "POST /wp-admin/admin-ajax.php?action=async_litespeed&nonce=IeOE1trzV5mfDuTlbtstu02eg2SFcTiE&litespeed_type=imgoptm HTTP/1.1" 200 21 "-" "WordPress/6.9.4; http://msg.co.ir"
142.93.239.35 - - [06/Apr/2026:19:19:15 +0330] "POST /wp-login.php HTTP/1.1" 200 10051 "-" "Mozilla/5.0"
5.144.129.183 - - [06/Apr/2026:19:26:16 +0330] "POST /wp-admin/admin-ajax.php?action=async_litespeed&nonce=1nnxX0pbxNmBVkXDHajbrPhbNT3fxZkf&litespeed_type=imgoptm HTTP/1.1" 200 21 "-" "WordPress/6.9.4; http://msg.co.ir"
46.101.95.205 - - [06/Apr/2026:19:37:52 +0330] "POST /wp-login.php HTTP/1.1" 200 10051 "-" "Mozilla/5.0"
5.144.129.183 - - [06/Apr/2026:19:49:40 +0330] "POST /wp-cron.php?doing_wp_cron=1775492380.2653698921203613281250 HTTP/1.1" 200 20 "-" "WordPress/6.9.4; http://msg.co.ir"
46.101.95.205 - - [06/Apr/2026:19:49:34 +0330] "POST /wp-login.php HTTP/1.1" 200 10051 "-" "Mozilla/5.0"
5.144.129.183 - - [06/Apr/2026:19:49:40 +0330] "POST /wp-admin/admin-ajax.php?action=async_litespeed&nonce=FPEa9JUjMmM0yIaH7dzCTywHxd1nwmdP&litespeed_type=imgoptm HTTP/1.1" 200 21 "-" "WordPress/6.9.4; http://msg.co.ir"
5.144.129.183 - - [06/Apr/2026:19:57:03 +0330] "POST /wp-admin/admin-ajax.php?action=async_litespeed&nonce=uB8z58k6yVU7UgKWH2OSGwqQzdBUa4so&litespeed_type=imgoptm HTTP/1.1" 200 21 "-" "WordPress/6.9.4; http://msg.co.ir"
66.249.72.133 - - [06/Apr/2026:20:08:27 +0330] "GET /_autoindex/assets/css/autoindex.css HTTP/1.1" 200 1170 "http://msg.co.ir/wp-includes/sodium_compat/namespaced/" "Mozilla/5.0 (Linux; Android 6.0.1; Nexus 5X Build/MMB29P) AppleWebKit/537.36 (KHTML, like Gecko) Chrome/146.0.7680.177 Mobile Safari/537.36 (compatible; Googlebot/2.1; +http://www.google.com/bot.html)"
66.249.72.133 - - [06/Apr/2026:20:08:28 +0330] "GET /_autoindex/assets/icons/folder-fill.svg HTTP/1.1" 200 333 "http://msg.co.ir/wp-includes/sodium_compat/namespaced/" "Mozilla/5.0 (Linux; Android 6.0.1; Nexus 5X Build/MMB29P) AppleWebKit/537.36 (KHTML, like Gecko) Chrome/146.0.7680.177 Mobile Safari/537.36 (compatible; Googlebot/2.1; +http://www.google.com/bot.html)"
142.93.239.35 - - [06/Apr/2026:20:09:43 +0330] "POST /wp-login.php HTTP/1.1" 200 10051 "-" "Mozilla/5.0"
5.144.129.183 - - [06/Apr/2026:20:09:50 +0330] "POST /wp-admin/admin-ajax.php?action=async_litespeed&nonce=c8m3InLCpouTAOO8WyECDCjRNF0iTfsH&litespeed_type=imgoptm HTTP/1.1" 200 21 "-" "WordPress/6.9.4; http://msg.co.ir"
5.144.129.183 - - [06/Apr/2026:20:01:28 +0330] "POST /wp-cron.php?doing_wp_cron=1775493088.9703540802001953125000 HTTP/1.1" 200 20 "-" "WordPress/6.9.4; http://msg.co.ir"
66.249.72.135 - - [06/Apr/2026:20:08:15 +0330] "GET /wp-includes/sodium_compat/namespaced/ HTTP/1.1" 200 912 "-" "Mozilla/5.0 (Linux; Android 6.0.1; Nexus 5X Build/MMB29P) AppleWebKit/537.36 (KHTML, like Gecko) Chrome/146.0.7680.177 Mobile Safari/537.36 (compatible; Googlebot/2.1; +http://www.google.com/bot.html)"
66.249.72.134 - - [06/Apr/2026:20:08:26 +0330] "GET /_autoindex/assets/js/tablesort.js HTTP/1.1" 200 2137 "http://msg.co.ir/wp-includes/sodium_compat/namespaced/" "Mozilla/5.0 (Linux; Android 6.0.1; Nexus 5X Build/MMB29P) AppleWebKit/537.36 (KHTML, like Gecko) Chrome/146.0.7680.177 Mobile Safari/537.36 (compatible; Googlebot/2.1; +http://www.google.com/bot.html)"
66.249.72.134 - - [06/Apr/2026:20:08:29 +0330] "GET /_autoindex/assets/js/tablesort.number.js HTTP/1.1" 200 322 "http://msg.co.ir/wp-includes/sodium_compat/namespaced/" "Mozilla/5.0 (Linux; Android 6.0.1; Nexus 5X Build/MMB29P) AppleWebKit/537.36 (KHTML, like Gecko) Chrome/146.0.7680.177 Mobile Safari/537.36 (compatible; Googlebot/2.1; +http://www.google.com/bot.html)"
66.249.72.134 - - [06/Apr/2026:20:08:29 +0330] "GET /_autoindex/assets/icons/corner-left-up.svg HTTP/1.1" 200 328 "http://msg.co.ir/wp-includes/sodium_compat/namespaced/" "Mozilla/5.0 (Linux; Android 6.0.1; Nexus 5X Build/MMB29P) AppleWebKit/537.36 (KHTML, like Gecko) Chrome/146.0.7680.177 Mobile Safari/537.36 (compatible; Googlebot/2.1; +http://www.google.com/bot.html)"
46.101.95.205 - - [06/Apr/2026:20:13:21 +0330] "POST /wp-login.php HTTP/1.1" 200 10051 "-" "Mozilla/5.0"
5.144.129.183 - - [06/Apr/2026:20:13:27 +0330] "POST /wp-cron.php?doing_wp_cron=1775493807.7607100009918212890625 HTTP/1.1" 200 20 "-" "WordPress/6.9.4; http://msg.co.ir"
5.144.129.183 - - [06/Apr/2026:19:57:03 +0330] "POST /wp-cron.php?doing_wp_cron=1775492823.3053801059722900390625 HTTP/1.1" 200 20 "-" "WordPress/6.9.4; http://msg.co.ir"
46.101.95.205 - - [06/Apr/2026:20:01:21 +0330] "POST /wp-login.php HTTP/1.1" 200 10051 "-" "Mozilla/5.0"
5.144.129.183 - - [06/Apr/2026:20:01:29 +0330] "POST /wp-admin/admin-ajax.php?action=async_litespeed&nonce=7a4tQ7vYRQGMTuTgSUEbq733lkNZynqH&litespeed_type=imgoptm HTTP/1.1" 200 21 "-" "WordPress/6.9.4; http://msg.co.ir"
66.249.72.133 - - [06/Apr/2026:20:08:38 +0330] "GET /_autoindex/assets/icons/file.svg HTTP/1.1" 200 354 "http://msg.co.ir/wp-includes/sodium_compat/namespaced/" "Mozilla/5.0 (Linux; Android 6.0.1; Nexus 5X Build/MMB29P) AppleWebKit/537.36 (KHTML, like Gecko) Chrome/146.0.7680.177 Mobile Safari/537.36 (compatible; Googlebot/2.1; +http://www.google.com/bot.html)"
66.249.72.133 - - [06/Apr/2026:20:08:39 +0330] "GET /_autoindex/assets/icons/file-text.svg HTTP/1.1" 200 394 "http://msg.co.ir/wp-includes/sodium_compat/namespaced/" "Mozilla/5.0 (Linux; Android 6.0.1; Nexus 5X Build/MMB29P) AppleWebKit/537.36 (KHTML, like Gecko) Chrome/146.0.7680.177 Mobile Safari/537.36 (compatible; Googlebot/2.1; +http://www.google.com/bot.html)"
5.144.129.183 - - [06/Apr/2026:20:09:50 +0330] "POST /wp-cron.php?doing_wp_cron=1775493589.8407299518585205078125 HTTP/1.1" 200 20 "-" "WordPress/6.9.4; http://msg.co.ir"
5.144.129.183 - - [06/Apr/2026:20:13:27 +0330] "POST /wp-admin/admin-ajax.php?action=async_litespeed&nonce=NMN7ks2O6wwPfWBNgX4ogeUc7BnTJNO3&litespeed_type=imgoptm HTTP/1.1" 200 21 "-" "WordPress/6.9.4; http://msg.co.ir"
5.144.129.183 - - [06/Apr/2026:20:25:40 +0330] "POST /wp-cron.php?doing_wp_cron=1775494540.2935481071472167968750 HTTP/1.1" 200 20 "-" "WordPress/6.9.4; http://msg.co.ir"
5.144.129.183 - - [06/Apr/2026:20:22:46 +0330] "POST /wp-cron.php?doing_wp_cron=1775494366.2966210842132568359375 HTTP/1.1" 200 20 "-" "WordPress/6.9.4; http://msg.co.ir"
5.144.129.183 - - [06/Apr/2026:20:25:40 +0330] "POST /wp-admin/admin-ajax.php?action=async_litespeed&nonce=nrspPKZ8vLovsP9vC7do1IpAclhKc9FB&litespeed_type=imgoptm HTTP/1.1" 200 21 "-" "WordPress/6.9.4; http://msg.co.ir"
142.93.239.35 - - [06/Apr/2026:19:56:57 +0330] "POST /wp-login.php HTTP/1.1" 200 10051 "-" "Mozilla/5.0"
142.93.239.35 - - [06/Apr/2026:20:22:40 +0330] "POST /wp-login.php HTTP/1.1" 200 10051 "-" "Mozilla/5.0"
5.144.129.183 - - [06/Apr/2026:20:22:46 +0330] "POST /wp-admin/admin-ajax.php?action=async_litespeed&nonce=N7cgqwaKSeiax4Wig7ZJKsjW4OUhrUtW&litespeed_type=imgoptm HTTP/1.1" 200 21 "-" "WordPress/6.9.4; http://msg.co.ir"
5.144.129.183 - - [06/Apr/2026:20:35:50 +0330] "POST /wp-cron.php?doing_wp_cron=1775495150.9291520118713378906250 HTTP/1.1" 200 20 "-" "WordPress/6.9.4; http://msg.co.ir"
142.93.239.35 - - [06/Apr/2026:20:35:44 +0330] "POST /wp-login.php HTTP/1.1" 200 10051 "-" "Mozilla/5.0"
46.101.95.205 - - [06/Apr/2026:20:37:45 +0330] "POST /wp-login.php HTTP/1.1" 200 10051 "-" "Mozilla/5.0"
5.144.129.183 - - [06/Apr/2026:20:37:51 +0330] "POST /wp-admin/admin-ajax.php?action=async_litespeed&nonce=5xy9OSJOoJEBp6gEjoqx4hupQB9EFnTD&litespeed_type=imgoptm HTTP/1.1" 200 21 "-" "WordPress/6.9.4; http://msg.co.ir"
209.38.46.97 - - [06/Apr/2026:20:38:01 +0330] "GET / HTTP/1.1" 200 7347 "-" "Mozilla/5.0 (Windows NT 10.0; Win64; x64) AppleWebKit/537.36 (KHTML, like Gecko) Chrome/80.0.3987.149 Safari/537.36"
209.38.46.97 - - [06/Apr/2026:20:38:01 +0330] "GET / HTTP/1.1" 200 7347 "-" "Mozilla/5.0 (Windows NT 10.0; Win64; x64) AppleWebKit/537.36 (KHTML, like Gecko) Chrome/80.0.3987.149 Safari/537.36"
209.38.46.97 - - [06/Apr/2026:20:38:01 +0330] "GET /wp-includes/wlwmanifest.xml HTTP/1.1" 404 796 "-" "Mozilla/5.0 (Windows NT 10.0; Win64; x64) AppleWebKit/537.36 (KHTML, like Gecko) Chrome/80.0.3987.149 Safari/537.36"
209.38.46.97 - - [06/Apr/2026:20:38:01 +0330] "GET /xmlrpc.php?rsd HTTP/1.1" 200 762 "-" "Mozilla/5.0 (Windows NT 10.0; Win64; x64) AppleWebKit/537.36 (KHTML, like Gecko) Chrome/80.0.3987.149 Safari/537.36"
209.38.46.97 - - [06/Apr/2026:20:38:02 +0330] "GET /?author=1 HTTP/1.1" 200 7347 "-" "Mozilla/5.0 (Windows NT 10.0; Win64; x64) AppleWebKit/537.36 (KHTML, like Gecko) Chrome/80.0.3987.149 Safari/537.36"
209.38.46.97 - - [06/Apr/2026:20:38:02 +0330] "GET /?author=2 HTTP/1.1" 200 7347 "-" "Mozilla/5.0 (Windows NT 10.0; Win64; x64) AppleWebKit/537.36 (KHTML, like Gecko) Chrome/80.0.3987.149 Safari/537.36"
209.38.46.97 - - [06/Apr/2026:20:38:02 +0330] "GET /wp-json/wp/v2/users/ HTTP/1.1" 404 796 "-" "Mozilla/5.0 (Windows NT 10.0; Win64; x64) AppleWebKit/537.36 (KHTML, like Gecko) Chrome/80.0.3987.149 Safari/537.36"
209.38.46.97 - - [06/Apr/2026:20:38:02 +0330] "GET /wp-json/oembed/1.0/embed?url=http://msg.co.ir HTTP/1.1" 404 796 "-" "Mozilla/5.0 (Windows NT 10.0; Win64; x64) AppleWebKit/537.36 (KHTML, like Gecko) Chrome/80.0.3987.149 Safari/537.36"
209.38.46.97 - - [06/Apr/2026:20:38:02 +0330] "POST /xmlrpc.php HTTP/1.1" 200 424 "-" "Mozilla/5.0 (Windows NT 10.0; Win64; x64) AppleWebKit/537.36 (KHTML, like Gecko) Chrome/80.0.3987.149 Safari/537.36"
209.38.46.97 - - [06/Apr/2026:20:38:03 +0330] "POST /xmlrpc.php HTTP/1.1" 200 424 "-" "Mozilla/5.0 (Windows NT 10.0; Win64; x64) AppleWebKit/537.36 (KHTML, like Gecko) Chrome/80.0.3987.149 Safari/537.36"
209.38.46.97 - - [06/Apr/2026:20:38:03 +0330] "POST /xmlrpc.php HTTP/1.1" 200 424 "-" "Mozilla/5.0 (Windows NT 10.0; Win64; x64) AppleWebKit/537.36 (KHTML, like Gecko) Chrome/80.0.3987.149 Safari/537.36"
209.38.46.97 - - [06/Apr/2026:20:38:03 +0330] "POST /xmlrpc.php HTTP/1.1" 200 424 "-" "Mozilla/5.0 (Windows NT 10.0; Win64; x64) AppleWebKit/537.36 (KHTML, like Gecko) Chrome/80.0.3987.149 Safari/537.36"
209.38.46.97 - - [06/Apr/2026:20:38:03 +0330] "POST /xmlrpc.php HTTP/1.1" 200 424 "-" "Mozilla/5.0 (Windows NT 10.0; Win64; x64) AppleWebKit/537.36 (KHTML, like Gecko) Chrome/80.0.3987.149 Safari/537.36"
209.38.46.97 - - [06/Apr/2026:20:38:04 +0330] "POST /xmlrpc.php HTTP/1.1" 200 424 "-" "Mozilla/5.0 (Windows NT 10.0; Win64; x64) AppleWebKit/537.36 (KHTML, like Gecko) Chrome/80.0.3987.149 Safari/537.36"
5.144.129.183 - - [06/Apr/2026:20:38:45 +0330] "POST /wp-cron.php?doing_wp_cron=1775495325.3049499988555908203125 HTTP/1.1" 200 20 "-" "WordPress/6.9.4; http://msg.co.ir"
5.144.129.183 - - [06/Apr/2026:20:40:46 +0330] "POST /wp-cron.php?doing_wp_cron=1775495446.0718259811401367187500 HTTP/1.1" 200 20 "-" "WordPress/6.9.4; http://msg.co.ir"
5.144.129.183 - - [06/Apr/2026:20:40:47 +0330] "POST /wp-admin/admin-ajax.php?action=async_litespeed&nonce=Mnhq3xiFNze3dDPpii8npHuL6O1ulRu8&litespeed_type=imgoptm HTTP/1.1" 200 21 "-" "WordPress/6.9.4; http://msg.co.ir"
209.38.46.97 - - [06/Apr/2026:20:38:05 +0330] "POST /xmlrpc.php HTTP/1.1" 200 424 "-" "Mozilla/5.0 (Windows NT 10.0; Win64; x64) AppleWebKit/537.36 (KHTML, like Gecko) Chrome/80.0.3987.149 Safari/537.36"
209.38.46.97 - - [06/Apr/2026:20:38:07 +0330] "POST /xmlrpc.php HTTP/1.1" 200 424 "-" "Mozilla/5.0 (Windows NT 10.0; Win64; x64) AppleWebKit/537.36 (KHTML, like Gecko) Chrome/80.0.3987.149 Safari/537.36"
209.38.46.97 - - [06/Apr/2026:20:38:10 +0330] "POST /xmlrpc.php HTTP/1.1" 200 424 "-" "Mozilla/5.0 (Windows NT 10.0; Win64; x64) AppleWebKit/537.36 (KHTML, like Gecko) Chrome/80.0.3987.149 Safari/537.36"
209.38.46.97 - - [06/Apr/2026:20:38:14 +0330] "POST /xmlrpc.php HTTP/1.1" 200 424 "-" "Mozilla/5.0 (Windows NT 10.0; Win64; x64) AppleWebKit/537.36 (KHTML, like Gecko) Chrome/80.0.3987.149 Safari/537.36"
209.38.46.97 - - [06/Apr/2026:20:38:18 +0330] "POST /xmlrpc.php HTTP/1.1" 200 424 "-" "Mozilla/5.0 (Windows NT 10.0; Win64; x64) AppleWebKit/537.36 (KHTML, like Gecko) Chrome/80.0.3987.149 Safari/537.36"
209.38.46.97 - - [06/Apr/2026:20:38:30 +0330] "POST /xmlrpc.php HTTP/1.1" 200 424 "-" "Mozilla/5.0 (Windows NT 10.0; Win64; x64) AppleWebKit/537.36 (KHTML, like Gecko) Chrome/80.0.3987.149 Safari/537.36"
5.144.129.183 - - [06/Apr/2026:20:38:45 +0330] "POST /wp-admin/admin-ajax.php?action=async_litespeed&nonce=fMshSDDKeBTyf6uSvxSeZAAc9ajqWvYc&litespeed_type=imgoptm HTTP/1.1" 200 21 "-" "WordPress/6.9.4; http://msg.co.ir"
209.38.46.97 - - [06/Apr/2026:20:38:45 +0330] "POST /xmlrpc.php HTTP/1.1" 200 424 "-" "Mozilla/5.0 (Windows NT 10.0; Win64; x64) AppleWebKit/537.36 (KHTML, like Gecko) Chrome/80.0.3987.149 Safari/537.36"
209.38.46.97 - - [06/Apr/2026:20:39:00 +0330] "POST /xmlrpc.php HTTP/1.1" 200 424 "-" "Mozilla/5.0 (Windows NT 10.0; Win64; x64) AppleWebKit/537.36 (KHTML, like Gecko) Chrome/80.0.3987.149 Safari/537.36"
209.38.46.97 - - [06/Apr/2026:20:39:15 +0330] "POST /xmlrpc.php HTTP/1.1" 200 424 "-" "Mozilla/5.0 (Windows NT 10.0; Win64; x64) AppleWebKit/537.36 (KHTML, like Gecko) Chrome/80.0.3987.149 Safari/537.36"
5.144.129.183 - - [06/Apr/2026:20:39:45 +0330] "POST /wp-cron.php?doing_wp_cron=1775495385.3983070850372314453125 HTTP/1.1" 200 20 "-" "WordPress/6.9.4; http://msg.co.ir"
209.38.46.97 - - [06/Apr/2026:20:39:30 +0330] "POST /xmlrpc.php HTTP/1.1" 200 424 "-" "Mozilla/5.0 (Windows NT 10.0; Win64; x64) AppleWebKit/537.36 (KHTML, like Gecko) Chrome/80.0.3987.149 Safari/537.36"
5.144.129.183 - - [06/Apr/2026:20:39:45 +0330] "POST /wp-admin/admin-ajax.php?action=async_litespeed&nonce=CbThsx2TxdVe28YlSn3etxreCufuUMqf&litespeed_type=imgoptm HTTP/1.1" 200 21 "-" "WordPress/6.9.4; http://msg.co.ir"
209.38.46.97 - - [06/Apr/2026:20:39:45 +0330] "POST /xmlrpc.php HTTP/1.1" 200 424 "-" "Mozilla/5.0 (Windows NT 10.0; Win64; x64) AppleWebKit/537.36 (KHTML, like Gecko) Chrome/80.0.3987.149 Safari/537.36"
209.38.46.97 - - [06/Apr/2026:20:40:01 +0330] "POST /xmlrpc.php HTTP/1.1" 200 424 "-" "Mozilla/5.0 (Windows NT 10.0; Win64; x64) AppleWebKit/537.36 (KHTML, like Gecko) Chrome/80.0.3987.149 Safari/537.36"
209.38.46.97 - - [06/Apr/2026:20:40:17 +0330] "POST /xmlrpc.php HTTP/1.1" 200 424 "-" "Mozilla/5.0 (Windows NT 10.0; Win64; x64) AppleWebKit/537.36 (KHTML, like Gecko) Chrome/80.0.3987.149 Safari/537.36"
209.38.46.97 - - [06/Apr/2026:20:40:31 +0330] "POST /xmlrpc.php HTTP/1.1" 200 424 "-" "Mozilla/5.0 (Windows NT 10.0; Win64; x64) AppleWebKit/537.36 (KHTML, like Gecko) Chrome/80.0.3987.149 Safari/537.36"
209.38.46.97 - - [06/Apr/2026:20:40:46 +0330] "POST /xmlrpc.php HTTP/1.1" 200 424 "-" "Mozilla/5.0 (Windows NT 10.0; Win64; x64) AppleWebKit/537.36 (KHTML, like Gecko) Chrome/80.0.3987.149 Safari/537.36"
209.38.46.97 - - [06/Apr/2026:20:41:00 +0330] "POST /xmlrpc.php HTTP/1.1" 200 424 "-" "Mozilla/5.0 (Windows NT 10.0; Win64; x64) AppleWebKit/537.36 (KHTML, like Gecko) Chrome/80.0.3987.149 Safari/537.36"
209.38.46.97 - - [06/Apr/2026:20:41:15 +0330] "POST /xmlrpc.php HTTP/1.1" 200 424 "-" "Mozilla/5.0 (Windows NT 10.0; Win64; x64) AppleWebKit/537.36 (KHTML, like Gecko) Chrome/80.0.3987.149 Safari/537.36"
20.220.232.240 - - [06/Apr/2026:20:47:30 +0330] "GET /wp-content/plugins/hellopress/wp_filemanager.php HTTP/1.1" 404 796 "-" "-"
20.220.232.240 - - [06/Apr/2026:20:47:30 +0330] "GET /asd67.php HTTP/1.1" 404 796 "-" "-"
20.220.232.240 - - [06/Apr/2026:20:47:30 +0330] "GET /1.php HTTP/1.1" 404 796 "-" "-"
20.220.232.240 - - [06/Apr/2026:20:47:30 +0330] "GET /rithin.php HTTP/1.1" 404 796 "-" "-"
20.220.232.240 - - [06/Apr/2026:20:47:30 +0330] "GET /gpt-sh.php HTTP/1.1" 404 796 "-" "-"
20.220.232.240 - - [06/Apr/2026:20:47:31 +0330] "GET /gifclass.php HTTP/1.1" 404 796 "-" "-"
20.220.232.240 - - [06/Apr/2026:20:47:31 +0330] "GET /gifclass4.php HTTP/1.1" 404 796 "-" "-"
20.220.232.240 - - [06/Apr/2026:20:47:31 +0330] "GET /wp-content/packed.php HTTP/1.1" 404 796 "-" "-"
20.220.232.240 - - [06/Apr/2026:20:47:31 +0330] "GET /wolv2.php HTTP/1.1" 404 796 "-" "-"
20.220.232.240 - - [06/Apr/2026:20:47:31 +0330] "GET /wp-load.php HTTP/1.1" 200 0 "-" "-"
20.220.232.240 - - [06/Apr/2026:20:47:32 +0330] "GET /p.php HTTP/1.1" 404 796 "-" "-"
5.144.129.183 - - [06/Apr/2026:20:47:32 +0330] "POST /wp-admin/admin-ajax.php?action=async_litespeed&nonce=wGn1GJORbtRuMfEVsyzP7xe36X39JJqL&litespeed_type=imgoptm HTTP/1.1" 200 21 "-" "WordPress/6.9.4; http://msg.co.ir"
20.220.232.240 - - [06/Apr/2026:20:47:32 +0330] "GET /wp-content/uploads/index.php HTTP/1.1" 404 796 "-" "-"
20.220.232.240 - - [06/Apr/2026:20:47:32 +0330] "GET /n.php HTTP/1.1" 404 796 "-" "-"
20.220.232.240 - - [06/Apr/2026:20:47:32 +0330] "GET /abc.php HTTP/1.1" 404 796 "-" "-"
20.220.232.240 - - [06/Apr/2026:20:47:33 +0330] "GET /new4.php HTTP/1.1" 404 796 "-" "-"
20.220.232.240 - - [06/Apr/2026:20:47:33 +0330] "GET /r4f_1.php HTTP/1.1" 404 796 "-" "-"
20.220.232.240 - - [06/Apr/2026:20:47:33 +0330] "GET /wp-admin/maint/wp-is.php HTTP/1.1" 404 796 "-" "-"
20.220.232.240 - - [06/Apr/2026:20:47:33 +0330] "GET /class.php HTTP/1.1" 404 796 "-" "-"
20.220.232.240 - - [06/Apr/2026:20:47:33 +0330] "GET /bless11.php HTTP/1.1" 404 796 "-" "-"
20.220.232.240 - - [06/Apr/2026:20:47:34 +0330] "GET /o.php HTTP/1.1" 404 796 "-" "-"
20.220.232.240 - - [06/Apr/2026:20:47:34 +0330] "GET /a.php HTTP/1.1" 404 796 "-" "-"
20.220.232.240 - - [06/Apr/2026:20:47:35 +0330] "GET /system_log.php HTTP/1.1" 404 796 "-" "-"
20.220.232.240 - - [06/Apr/2026:20:47:35 +0330] "GET /wp-content/ssd/sallu.php HTTP/1.1" 404 796 "-" "-"
20.220.232.240 - - [06/Apr/2026:20:47:35 +0330] "GET /a2.php HTTP/1.1" 404 796 "-" "-"
20.220.232.240 - - [06/Apr/2026:20:47:36 +0330] "GET /classwithtostring.php HTTP/1.1" 404 796 "-" "-"
20.220.232.240 - - [06/Apr/2026:20:47:37 +0330] "GET /css.php HTTP/1.1" 404 796 "-" "-"
20.220.232.240 - - [06/Apr/2026:20:47:37 +0330] "GET /file32.php HTTP/1.1" 404 796 "-" "-"
20.220.232.240 - - [06/Apr/2026:20:47:37 +0330] "GET /nope.php HTTP/1.1" 404 796 "-" "-"
20.220.232.240 - - [06/Apr/2026:20:47:37 +0330] "GET /js.php HTTP/1.1" 404 796 "-" "-"
20.220.232.240 - - [06/Apr/2026:20:47:38 +0330] "GET /wp-includes/sodium_compat/index.php HTTP/1.1" 404 796 "-" "-"
20.220.232.240 - - [06/Apr/2026:20:47:38 +0330] "GET /num.php HTTP/1.1" 404 796 "-" "-"
20.220.232.240 - - [06/Apr/2026:20:47:38 +0330] "GET /mah.php HTTP/1.1" 404 796 "-" "-"
20.220.232.240 - - [06/Apr/2026:20:47:38 +0330] "GET /wp-good.php HTTP/1.1" 404 796 "-" "-"
20.220.232.240 - - [06/Apr/2026:20:47:38 +0330] "GET /atomlib.php HTTP/1.1" 404 796 "-" "-"
20.220.232.240 - - [06/Apr/2026:20:47:39 +0330] "GET /wfile.php HTTP/1.1" 404 796 "-" "-"
20.220.232.240 - - [06/Apr/2026:20:47:39 +0330] "GET /ok.php HTTP/1.1" 404 796 "-" "-"
20.220.232.240 - - [06/Apr/2026:20:47:39 +0330] "GET /sid3.php HTTP/1.1" 404 796 "-" "-"
20.220.232.240 - - [06/Apr/2026:20:47:39 +0330] "GET /222.php HTTP/1.1" 404 796 "-" "-"
20.220.232.240 - - [06/Apr/2026:20:47:40 +0330] "GET /filemanager.php HTTP/1.1" 404 796 "-" "-"
20.220.232.240 - - [06/Apr/2026:20:47:41 +0330] "GET /wp-links-opml.php HTTP/1.1" 200 286 "-" "-"
20.220.232.240 - - [06/Apr/2026:20:47:41 +0330] "GET /wp-content/uploads/wp.php HTTP/1.1" 404 796 "-" "-"
5.144.129.183 - - [06/Apr/2026:20:47:41 +0330] "POST /wp-admin/admin-ajax.php?action=async_litespeed&nonce=w59pwhwa55qTnIVp829cRuysYPX9zSxv&litespeed_type=imgoptm HTTP/1.1" 200 21 "-" "WordPress/6.9.4; http://msg.co.ir"
20.220.232.240 - - [06/Apr/2026:20:47:42 +0330] "GET /moon.php HTTP/1.1" 404 796 "-" "-"
20.220.232.240 - - [06/Apr/2026:20:47:42 +0330] "GET /33.php HTTP/1.1" 404 796 "-" "-"
20.220.232.240 - - [06/Apr/2026:20:47:42 +0330] "GET /chosen.php HTTP/1.1" 404 796 "-" "-"
20.220.232.240 - - [06/Apr/2026:20:47:42 +0330] "GET /shell.php HTTP/1.1" 404 796 "-" "-"
20.220.232.240 - - [06/Apr/2026:20:47:42 +0330] "GET /wp-admin/includes/xmrlpc.php HTTP/1.1" 404 796 "-" "-"
20.220.232.240 - - [06/Apr/2026:20:47:43 +0330] "GET /wp-x7.php HTTP/1.1" 404 796 "-" "-"
20.220.232.240 - - [06/Apr/2026:20:47:44 +0330] "GET /log.php HTTP/1.1" 404 796 "-" "-"
20.220.232.240 - - [06/Apr/2026:20:47:45 +0330] "GET /v4.php HTTP/1.1" 404 796 "-" "-"
20.220.232.240 - - [06/Apr/2026:20:47:45 +0330] "GET /f6.php HTTP/1.1" 404 796 "-" "-"
20.220.232.240 - - [06/Apr/2026:20:47:45 +0330] "GET /file.php HTTP/1.1" 404 796 "-" "-"
20.220.232.240 - - [06/Apr/2026:20:47:45 +0330] "GET /an7.php HTTP/1.1" 404 796 "-" "-"
20.220.232.240 - - [06/Apr/2026:20:47:46 +0330] "GET /wp-gr.php HTTP/1.1" 404 796 "-" "-"
20.220.232.240 - - [06/Apr/2026:20:47:46 +0330] "GET /wp-includes/style-engine/index.php HTTP/1.1" 404 796 "-" "-"
20.220.232.240 - - [06/Apr/2026:20:47:46 +0330] "GET /update/f35.php HTTP/1.1" 404 796 "-" "-"
20.220.232.240 - - [06/Apr/2026:20:47:47 +0330] "GET /ext.php HTTP/1.1" 404 796 "-" "-"
20.220.232.240 - - [06/Apr/2026:20:47:47 +0330] "GET /about3.php HTTP/1.1" 404 796 "-" "-"
20.220.232.240 - - [06/Apr/2026:20:47:47 +0330] "GET /wp.php HTTP/1.1" 404 796 "-" "-"
20.220.232.240 - - [06/Apr/2026:20:47:47 +0330] "GET /zwso.php HTTP/1.1" 404 796 "-" "-"
20.220.232.240 - - [06/Apr/2026:20:47:47 +0330] "GET /alfa.php HTTP/1.1" 404 796 "-" "-"
20.220.232.240 - - [06/Apr/2026:20:47:48 +0330] "GET /fm.php HTTP/1.1" 404 796 "-" "-"
20.220.232.240 - - [06/Apr/2026:20:47:48 +0330] "GET /ahax.php HTTP/1.1" 404 796 "-" "-"
20.220.232.240 - - [06/Apr/2026:20:47:48 +0330] "GET /g.php HTTP/1.1" 404 796 "-" "-"
20.220.232.240 - - [06/Apr/2026:20:47:48 +0330] "GET /0x.php HTTP/1.1" 404 796 "-" "-"
